000
CDUS46 KSGX 181418
CLIRAL


CLIMATE REPORT
NATIONAL WEATHER SERVICE SAN DIEGO, CA
717 AM PDT SAT APR 18 2015


...................................

...THE RIVERSIDE MUNI AIRPORT CA CLIMATE SUMMARY FOR APRIL 17 2015...

CLIMATE NORMAL PERIOD 1981 TO 2010
CLIMATE RECORD PERIOD 1893 TO 2015


WEATHER ITEM   OBSERVED TIME   RECORD YEAR NORMAL DEPARTURE LAST
                VALUE   (LST)  VALUE       VALUE  FROM      YEAR
                                                  NORMAL
..................................................................
TEMPERATURE (F)
 YESTERDAY
  MAXIMUM         87    218 PM  95    1999  76     11       78
                                      1954
  MINIMUM         50    538 AM  34    1920  51     -1       53
                                      1894
  AVERAGE         69                        63      6       66

PRECIPITATION (IN)
  YESTERDAY        0.00          0.54 1963   0.03  -0.03     0.00
  MONTH TO DATE    0.06                      0.42  -0.36     0.14
  SINCE OCT 1      4.84                     11.22  -6.38     2.49
  SINCE JAN 1      1.61                      8.41  -6.80     1.50

SNOWFALL (IN)
  YESTERDAY        0.0
  MONTH TO DATE    0.0
  SINCE MAR 1      0.0
  SINCE JUL 1      0.0
  SNOW DEPTH       0

DEGREE DAYS
 HEATING
  YESTERDAY        0                         3     -3        0
  MONTH TO DATE   31                        73    -42       45
  SINCE MAR 1     86                       278   -192      120
  SINCE JUL 1    693                      1386   -693      782

 COOLING
  YESTERDAY        4                         1      3        1
  MONTH TO DATE   27                        16     11       53
  SINCE MAR 1    156                        28    128       83
  SINCE JAN 1    180                        37    143      112
..................................................................


WIND (MPH)
  RESULTANT WIND SPEED   2   RESULTANT WIND DIRECTION   W (270)
  HIGHEST WIND SPEED    22   HIGHEST WIND DIRECTION    SW (240)
  HIGHEST GUST SPEED    30   HIGHEST GUST DIRECTION     W (250)
  AVERAGE WIND SPEED     6.6


SKY COVER
  POSSIBLE SUNSHINE  MM
  AVERAGE SKY COVER 0.0


WEATHER CONDITIONS
 THE FOLLOWING WEATHER WAS RECORDED YESTERDAY.
  NO SIGNIFICANT WEATHER WAS OBSERVED.


RELATIVE HUMIDITY (PERCENT)
 HIGHEST    44           600 AM
 LOWEST      6           100 PM
 AVERAGE    25

..........................................................


THE RIVERSIDE MUNI AIRPORT CA CLIMATE NORMALS FOR TODAY
                         NORMAL    RECORD    YEAR
 MAXIMUM TEMPERATURE (F)   76        97      1914
 MINIMUM TEMPERATURE (F)   51        33      1917


SUNRISE AND SUNSET
APRIL 18 2015.........SUNRISE   616 AM PDT   SUNSET   723 PM PDT
APRIL 19 2015.........SUNRISE   614 AM PDT   SUNSET   724 PM PDT


-  INDICATES NEGATIVE NUMBERS.
R  INDICATES RECORD WAS SET OR TIED.
MM INDICATES DATA IS MISSING.
T  INDICATES TRACE AMOUNT.




$$
