000
CDUS41 KPHI 192129
CLIRDG


CLIMATE REPORT
NATIONAL WEATHER SERVICE MOUNT HOLLY NJ
528 PM EDT SUN APR 19 2015


...................................

...THE READING PA CLIMATE SUMMARY FOR APRIL 19 2015...
VALID TODAY AS OF 0500 PM LOCAL TIME.

CLIMATE NORMAL PERIOD 1981 TO 2010
CLIMATE RECORD PERIOD 1869 TO 2015


WEATHER ITEM   OBSERVED TIME   RECORD YEAR NORMAL DEPARTURE LAST
                VALUE   (LST)  VALUE       VALUE  FROM      YEAR
                                                  NORMAL
..................................................................
TEMPERATURE (F)
 TODAY
  MAXIMUM         67    120 PM  97    1976  64      3       65
  MINIMUM         51    528 AM  27    2001  42      9       39
  AVERAGE         59                        53      6       52

PRECIPITATION (IN)
  TODAY            0.00          1.22 1943   0.13  -0.13     0.00
  MONTH TO DATE    0.59                      2.48  -1.89     2.30
  SINCE MAR 1      5.41                      5.96  -0.55     4.47
  SINCE JAN 1      9.15                     11.49  -2.34    11.15

SNOWFALL (IN)
  TODAY           MM            MM      MM  MM     MM       MM
  MONTH TO DATE   MM                        MM     MM       MM
  SINCE MAR 1     MM                        MM     MM       MM
  SINCE JUL 1     MM                        MM     MM       MM
  SNOW DEPTH      MM

DEGREE DAYS
 HEATING
  TODAY            6                        13     -7       13
  MONTH TO DATE  228                       293    -65      275
  SINCE MAR 1   1148                      1036    112     1192
  SINCE JUL 1   5453                      5078    375     5502

 COOLING
  TODAY            0                         0      0        0
  MONTH TO DATE    0                         0      0        9
  SINCE MAR 1      0                         0      0        9
  SINCE JAN 1      0                         0      0        9
..................................................................


WIND (MPH)
  HIGHEST WIND SPEED    16   HIGHEST WIND DIRECTION     E (110)
  HIGHEST GUST SPEED    25   HIGHEST GUST DIRECTION    SE (140)
  AVERAGE WIND SPEED     9.0


SKY COVER
  POSSIBLE SUNSHINE  MM
  AVERAGE SKY COVER 0.0


WEATHER CONDITIONS
 THE FOLLOWING WEATHER WAS RECORDED TODAY.
  NO SIGNIFICANT WEATHER WAS OBSERVED.


RELATIVE HUMIDITY (PERCENT)
 HIGHEST    36           400 PM
 LOWEST     22          1200 AM
 AVERAGE    29

..........................................................


THE READING PA CLIMATE NORMALS FOR TOMORROW
                         NORMAL    RECORD    YEAR
 MAXIMUM TEMPERATURE (F)   64        94      1976
 MINIMUM TEMPERATURE (F)   42        26      1904


SUNRISE AND SUNSET
APRIL 19 2015.........SUNRISE   620 AM EDT   SUNSET   747 PM EDT
APRIL 20 2015.........SUNRISE   619 AM EDT   SUNSET   748 PM EDT


-  INDICATES NEGATIVE NUMBERS.
R  INDICATES RECORD WAS SET OR TIED.
MM INDICATES DATA IS MISSING.
T  INDICATES TRACE AMOUNT.




$$
