000
CDUS46 KPDT 280857
CLIRDM

CLIMATE REPORT
NATIONAL WEATHER SERVICE PENDLETON OR
134 AM PDT TUE APR 28 2015


...................................

...THE REDMOND OR CLIMATE SUMMARY FOR APRIL 27 2015...

CLIMATE NORMAL PERIOD 1981 TO 2010
CLIMATE RECORD PERIOD 1949 TO 2015


WEATHER ITEM   OBSERVED TIME   RECORD YEAR NORMAL DEPARTURE LAST
                VALUE   (LST)  VALUE       VALUE  FROM      YEAR
                                                  NORMAL
..................................................................
TEMPERATURE (F)
 YESTERDAY
  MAXIMUM         78    446 PM  88    1987  62     16       51
  MINIMUM         32    440 AM  13    1970  31      1       28
  AVERAGE         55                        46      9       40

PRECIPITATION (IN)
  YESTERDAY        0.00          0.25 1990   0.03  -0.03      T
  MONTH TO DATE    0.15                      0.65  -0.50     0.58
  SINCE OCT 1      5.81                      5.69   0.12     3.80
  SINCE JAN 1      1.53                      2.93  -1.40     3.09

DEGREE DAYS
 HEATING
  YESTERDAY       10                        19     -9       25
  MONTH TO DATE  610                       566     44      534
  SINCE MAR 1   1231                      1344   -113     1255
  SINCE JUL 1   5264                      6017   -753     6048

 COOLING
  YESTERDAY        0                         0      0        0
  MONTH TO DATE    0                         0      0        0
  SINCE MAR 1      0                         0      0        0
  SINCE JAN 1      0                         0      0        0
..................................................................


WIND (MPH)
  RESULTANT WIND SPEED   3   RESULTANT WIND DIRECTION  SE (140)
  HIGHEST WIND SPEED    15   HIGHEST WIND DIRECTION    SE (120)
  HIGHEST GUST SPEED    18   HIGHEST GUST DIRECTION    SE (130)
  AVERAGE WIND SPEED     5.2


SKY COVER
  POSSIBLE SUNSHINE  MM
  AVERAGE SKY COVER 0.0


WEATHER CONDITIONS
 THE FOLLOWING WEATHER WAS RECORDED YESTERDAY.
  NO SIGNIFICANT WEATHER WAS OBSERVED.


RELATIVE HUMIDITY (PERCENT)
 HIGHEST    96           400 AM
 LOWEST     18           400 PM
 AVERAGE    57

..........................................................


THE REDMOND OR CLIMATE NORMALS FOR TODAY
                         NORMAL    RECORD    YEAR
 MAXIMUM TEMPERATURE (F)   62        88      1968
 MINIMUM TEMPERATURE (F)   31        16      1999


SUNRISE AND SUNSET
APRIL 28 2015.........SUNRISE   600 AM PDT   SUNSET   805 PM PDT
APRIL 29 2015.........SUNRISE   559 AM PDT   SUNSET   806 PM PDT


-  INDICATES NEGATIVE NUMBERS.
R  INDICATES RECORD WAS SET OR TIED.
MM INDICATES DATA IS MISSING.
T  INDICATES TRACE AMOUNT.




$$
