000
CDUS46 KBOI 250932
CLIREO


CLIMATE REPORT
NATIONAL WEATHER SERVICE BOISE ID
332 AM MDT SAT APR 25 2015


...................................

...THE ROME OR CLIMATE SUMMARY FOR APRIL 24 2015...

CLIMATE NORMAL PERIOD 1981 TO 2010
CLIMATE RECORD PERIOD 9999 TO 9999


WEATHER ITEM   OBSERVED TIME   NORMAL DEPARTURE LAST
                VALUE   (LST)  VALUE  FROM      YEAR
                                      NORMAL
......................................................
TEMPERATURE (F)
 YESTERDAY
  MAXIMUM         53    415 PM  63    -10       64
  MINIMUM         40    702 AM  32      8       43
  AVERAGE         47            48     -1       54

PRECIPITATION (IN)
  YESTERDAY        0.55          0.04   0.51     0.01
  MONTH TO DATE    0.86          0.77   0.09     0.31
  SINCE OCT 1      3.58          5.35  -1.77     1.63
  SINCE JAN 1      1.58          3.16  -1.58     1.44

DEGREE DAYS
 HEATING
  YESTERDAY       18            17      1       11
  MONTH TO DATE  446           482    -36      381
  SINCE MAR 1   1030          1263   -233     1054
  SINCE JUL 1   4837          5997  -1160     5476

 COOLING
  YESTERDAY        0             0      0        0
  MONTH TO DATE    0             0      0        0
  SINCE MAR 1      0             0      0        0
  SINCE JAN 1      0             0      0        0
......................................................


WIND (MPH)
  RESULTANT WIND SPEED   2   RESULTANT WIND DIRECTION   E (80)
  HIGHEST WIND SPEED    22   HIGHEST WIND DIRECTION     S (190)
  HIGHEST GUST SPEED    26   HIGHEST GUST DIRECTION     S (190)
  AVERAGE WIND SPEED     5.9


SKY COVER
  AVERAGE SKY COVER 0.0


WEATHER CONDITIONS
 THE FOLLOWING WEATHER WAS RECORDED YESTERDAY.
  NO SIGNIFICANT WEATHER WAS OBSERVED.


RELATIVE HUMIDITY (PERCENT)
 HIGHEST    89           300 AM
 LOWEST     48           400 PM
 AVERAGE    69

..........................................................


THE ROME OR CLIMATE NORMALS FOR TODAY
                         NORMAL    RECORD    YEAR
 MAXIMUM TEMPERATURE (F)   64        MM        MM
 MINIMUM TEMPERATURE (F)   33        MM        MM


SUNRISE AND SUNSET
APRIL 25 2015.........SUNRISE   555 AM PDT   SUNSET   745 PM PDT
APRIL 26 2015.........SUNRISE   554 AM PDT   SUNSET   746 PM PDT


-  INDICATES NEGATIVE NUMBERS.
R  INDICATES RECORD WAS SET OR TIED.
MM INDICATES DATA IS MISSING.
T  INDICATES TRACE AMOUNT.




$$
