000
CDUS43 KGRB 070649
CLIRHI


CLIMATE REPORT
NATIONAL WEATHER SERVICE GREEN BAY
149 AM CDT THU MAY 7 2015


...................................

...THE RHINELANDER WI CLIMATE SUMMARY FOR MAY 6 2015...

CLIMATE NORMAL PERIOD 1981 TO 2010
CLIMATE RECORD PERIOD 1908 TO 2015


WEATHER ITEM   OBSERVED TIME   RECORD YEAR NORMAL DEPARTURE LAST
                VALUE   (LST)  VALUE       VALUE  FROM      YEAR
                                                  NORMAL
..................................................................
TEMPERATURE (F)
 YESTERDAY
  MAXIMUM         70    428 PM  93    1934  63      7       59
                                      1930
  MINIMUM         46    533 AM  22    1983  37      9       30
  AVERAGE         58                        50      8       45

PRECIPITATION (IN)
  YESTERDAY        0.07          1.54 1999   0.10  -0.03     0.00
  MONTH TO DATE    0.46                      0.63  -0.17     0.46
  SINCE MAR 1      4.48                      4.78  -0.30     6.08
  SINCE JAN 1      5.37                      6.82  -1.45     8.69

SNOWFALL (IN)
  YESTERDAY        0.0           T    1960  MM     MM        0.0
  MONTH TO DATE    0.0                      MM     MM        0.1
  SINCE MAR 1     20.4                      MM     MM       37.8
  SINCE JUL 1     89.3                      MM     MM      110.3
  SNOW DEPTH       0

DEGREE DAYS
 HEATING
  YESTERDAY        7                        15     -8       20
  MONTH TO DATE   43                        97    -54      130
  SINCE MAR 1   1858                      1975   -117     2468
  SINCE JUL 1   9199                      8597    602    10097

 COOLING
  YESTERDAY        0                         0      0        0
  MONTH TO DATE    1                         0      1        0
  SINCE MAR 1      1                         1      0        0
  SINCE JAN 1      1                         1      0        0
..................................................................


WIND (MPH)
  HIGHEST WIND SPEED    15   HIGHEST WIND DIRECTION    SE (130)
  HIGHEST GUST SPEED    19   HIGHEST GUST DIRECTION    SE (130)
  AVERAGE WIND SPEED     7.3


SKY COVER
  POSSIBLE SUNSHINE  MM
  AVERAGE SKY COVER 0.6


WEATHER CONDITIONS
 THE FOLLOWING WEATHER WAS RECORDED YESTERDAY.
  THUNDERSTORM
  LIGHT RAIN
  FOG


RELATIVE HUMIDITY (PERCENT)
 HIGHEST    86          1100 PM
 LOWEST     38           200 AM
 AVERAGE    62

..........................................................


THE RHINELANDER WI CLIMATE NORMALS FOR TODAY
                         NORMAL    RECORD    YEAR
 MAXIMUM TEMPERATURE (F)   63        87      1926
 MINIMUM TEMPERATURE (F)   38        24      1974


SUNRISE AND SUNSET
MAY  7 2015...........SUNRISE   537 AM CDT   SUNSET   812 PM CDT
MAY  8 2015...........SUNRISE   536 AM CDT   SUNSET   813 PM CDT


-  INDICATES NEGATIVE NUMBERS.
R  INDICATES RECORD WAS SET OR TIED.
MM INDICATES DATA IS MISSING.
T  INDICATES TRACE AMOUNT.




$$
