000
CDUS41 KRNK 060604
CLIROA


CLIMATE REPORT
NATIONAL WEATHER SERVICE BLACKSBURG VA
201 AM EDT WED MAY 6 2015


...................................

...THE ROANOKE VA CLIMATE SUMMARY FOR MAY 5 2015...

CLIMATE NORMAL PERIOD 1981 TO 2010
CLIMATE RECORD PERIOD 1912 TO 2015


WEATHER ITEM   OBSERVED TIME   RECORD YEAR NORMAL DEPARTURE LAST
                VALUE   (LST)  VALUE       VALUE  FROM      YEAR
                                                  NORMAL
..................................................................
TEMPERATURE (F)
 YESTERDAY
  MAXIMUM         84    156 PM  96    1930  73     11       67
  MINIMUM         55    431 AM  33    1966  50      5       53
  AVERAGE         70                        62      8       60

PRECIPITATION (IN)
  YESTERDAY        0.00          1.40 1958   0.12  -0.12     0.06
  MONTH TO DATE    0.18                      0.58  -0.40     0.06
  SINCE MAR 1      9.49                      7.41   2.08     7.00
  SINCE JAN 1     13.41                     13.22   0.19    13.28

SNOWFALL (IN)
  YESTERDAY        0.0
  MONTH TO DATE    0.0
  SINCE MAR 1      1.9
  SINCE JUL 1     21.7
  SNOW DEPTH       0

DEGREE DAYS
 HEATING
  YESTERDAY        0                         5     -5        5
  MONTH TO DATE   20                        26     -6       15
  SINCE MAR 1    800                       853    -53      925
  SINCE JUL 1   4229                      4058    171     4327

 COOLING
  YESTERDAY        5                         2      3        0
  MONTH TO DATE    5                         6     -1        2
  SINCE MAR 1     11                        35    -24       14
  SINCE JAN 1     11                        35    -24       14
..................................................................


WIND (MPH)
  HIGHEST WIND SPEED    14   HIGHEST WIND DIRECTION     S (200)
  HIGHEST GUST SPEED    18   HIGHEST GUST DIRECTION    SW (230)
  AVERAGE WIND SPEED     4.3


SKY COVER
  POSSIBLE SUNSHINE  MM
  AVERAGE SKY COVER 0.4


WEATHER CONDITIONS
 THE FOLLOWING WEATHER WAS RECORDED YESTERDAY.
  NO SIGNIFICANT WEATHER WAS OBSERVED.


RELATIVE HUMIDITY (PERCENT)
 HIGHEST    80           600 AM
 LOWEST     28           300 PM
 AVERAGE    54

..........................................................


THE ROANOKE VA CLIMATE NORMALS FOR TODAY
                         NORMAL    RECORD    YEAR
 MAXIMUM TEMPERATURE (F)   73        97      1934
 MINIMUM TEMPERATURE (F)   51        35      1973


SUNRISE AND SUNSET
MAY  6 2015...........SUNRISE   620 AM EDT   SUNSET   814 PM EDT
MAY  7 2015...........SUNRISE   619 AM EDT   SUNSET   815 PM EDT


-  INDICATES NEGATIVE NUMBERS.
R  INDICATES RECORD WAS SET OR TIED.
MM INDICATES DATA IS MISSING.
T  INDICATES TRACE AMOUNT.

$$
RCS
