000
CDUS45 KABQ 190842
CLIROW


CLIMATE REPORT
NATIONAL WEATHER SERVICE ALBUQUERQUE NM
238 AM MDT SUN APR 19 2015


...................................

...THE ROSWELL NM CLIMATE SUMMARY FOR APRIL 18 2015...

CLIMATE NORMAL PERIOD 1981 TO 2010
CLIMATE RECORD PERIOD 1893 TO 2015


WEATHER ITEM   OBSERVED TIME   RECORD YEAR NORMAL DEPARTURE
                VALUE   (LST)  VALUE       VALUE  FROM
                                                  NORMAL
...............................................................
TEMPERATURE (F)
 YESTERDAY
  MAXIMUM         77    329 PM  95    2000  78     -1
  MINIMUM         36    513 AM  25    1896  45     -9
  AVERAGE         57                        61     -4

PRECIPITATION (IN)
  YESTERDAY        0.00          0.50 1906   0.03  -0.03
  MONTH TO DATE    1.72                      0.31   1.41
  SINCE MAR 1      2.01                      0.82   1.19
  SINCE JAN 1      3.92                      1.62   2.30

SNOWFALL (IN)
  YESTERDAY        0.0
  MONTH TO DATE    0.0
  SINCE MAR 1      T
  SINCE JUL 1     16.2

DEGREE DAYS
 HEATING
  YESTERDAY        8                         5      3
  MONTH TO DATE   78                       121    -43
  SINCE MAR 1    436                       508    -72
  SINCE JUL 1   3153                      3215    -62

 COOLING
  YESTERDAY        0                         1     -1
  MONTH TO DATE   13                        13      0
  SINCE MAR 1     16                        16      0
  SINCE JAN 1     16                        16      0
...............................................................


WIND (MPH)
  HIGHEST WIND SPEED    21   HIGHEST WIND DIRECTION     W (250)
  HIGHEST GUST SPEED    27   HIGHEST GUST DIRECTION     W (260)
  AVERAGE WIND SPEED     8.4


SKY COVER
  AVERAGE SKY COVER 0.1


WEATHER CONDITIONS
 THE FOLLOWING WEATHER WAS RECORDED YESTERDAY.
  NO SIGNIFICANT WEATHER WAS OBSERVED.


RELATIVE HUMIDITY (PERCENT)
 HIGHEST    76           300 AM
 LOWEST     13           400 PM
 AVERAGE    45

..........................................................


THE ROSWELL NM CLIMATE NORMALS FOR TODAY
                         NORMAL    RECORD    YEAR
 MAXIMUM TEMPERATURE (F)   78        93      1961
                                             1960
 MINIMUM TEMPERATURE (F)   46        29      1920


SUNRISE AND SUNSET
APRIL 19 2015.........SUNRISE   623 AM MDT   SUNSET   732 PM MDT
APRIL 20 2015.........SUNRISE   622 AM MDT   SUNSET   732 PM MDT


-  INDICATES NEGATIVE NUMBERS.
R  INDICATES RECORD WAS SET OR TIED.
MM INDICATES DATA IS MISSING.
T  INDICATES TRACE AMOUNT.




$$
