000
CDUS43 KARX 020642
CLIRST


CLIMATE REPORT
NATIONAL WEATHER SERVICE LA CROSSE WI
138 AM CDT THU APR 2 2015


...................................

...THE ROCHESTER MN CLIMATE SUMMARY FOR APRIL 1 2015...

CLIMATE NORMAL PERIOD 1981 TO 2010
CLIMATE RECORD PERIOD 1886 TO 2015


WEATHER ITEM   OBSERVED TIME   RECORD YEAR NORMAL DEPARTURE LAST
                VALUE   (LST)  VALUE       VALUE  FROM      YEAR
                                                  NORMAL
..................................................................
TEMPERATURE (F)
 YESTERDAY
  MAXIMUM         76    218 PM  83    2010  49     27       31
  MINIMUM         38    205 AM  10    1975  31      7       22
  AVERAGE         57                        40     17       27

PRECIPITATION (IN)
  YESTERDAY        0.39          0.57 1977   0.08   0.31      T
  MONTH TO DATE    0.39                      0.08   0.31      T
  SINCE MAR 1      1.46                      1.96  -0.50     1.15
  SINCE JAN 1      2.82                      3.65  -0.83     3.91

SNOWFALL (IN)
  YESTERDAY        0.0           4.1  1962   0.2   -0.2       T
  MONTH TO DATE    0.0                       0.2   -0.2       T
  SINCE JUL 1     48.9                      48.8    0.1     54.0
  SNOW DEPTH       0

DEGREE DAYS
 HEATING
  YESTERDAY        8                        25    -17       38
  MONTH TO DATE    8                        25    -17       38
  SINCE JUL 1   7306                      6897    409     8018

 COOLING
  YESTERDAY        0                         0      0        0
  MONTH TO DATE    0                         0      0        0
  SINCE JAN 1      0                         0      0        0
..................................................................


WIND (MPH)
  HIGHEST WIND SPEED    38   HIGHEST WIND DIRECTION     S (190)
  HIGHEST GUST SPEED    47   HIGHEST GUST DIRECTION     S (180)
  AVERAGE WIND SPEED    19.5


SKY COVER
  POSSIBLE SUNSHINE  MM
  AVERAGE SKY COVER 0.0


WEATHER CONDITIONS
 THE FOLLOWING WEATHER WAS RECORDED YESTERDAY.
  THUNDERSTORM
  RAIN
  LIGHT RAIN
  FOG


RELATIVE HUMIDITY (PERCENT)
 HIGHEST    76           100 AM
 LOWEST     29           300 PM
 AVERAGE    53

..........................................................


THE ROCHESTER MN CLIMATE NORMALS FOR TODAY
                         NORMAL    RECORD    YEAR
 MAXIMUM TEMPERATURE (F)   50        75      1981
 MINIMUM TEMPERATURE (F)   31        11      1954


SUNRISE AND SUNSET
APRIL  2 2015.........SUNRISE   650 AM CDT   SUNSET   738 PM CDT
APRIL  3 2015.........SUNRISE   648 AM CDT   SUNSET   739 PM CDT


-  INDICATES NEGATIVE NUMBERS.
R  INDICATES RECORD WAS SET OR TIED.
MM INDICATES DATA IS MISSING.
T  INDICATES TRACE AMOUNT.




$$
