000
CDUS43 KARX 050637
CLIRST


CLIMATE REPORT
NATIONAL WEATHER SERVICE LA CROSSE WI
136 AM CDT TUE MAY 5 2015


...................................

...THE ROCHESTER MN CLIMATE SUMMARY FOR MAY 4 2015...

CLIMATE NORMAL PERIOD 1981 TO 2010
CLIMATE RECORD PERIOD 1886 TO 2015


WEATHER ITEM   OBSERVED TIME   RECORD YEAR NORMAL DEPARTURE LAST
                VALUE   (LST)  VALUE       VALUE  FROM      YEAR
                                                  NORMAL
..................................................................
TEMPERATURE (F)
 YESTERDAY
  MAXIMUM         67    350 PM  91    1918  65      2       57
  MINIMUM         52    620 AM  24    1910  44      8       37
  AVERAGE         60                        54      6       47

PRECIPITATION (IN)
  YESTERDAY        0.00          1.53 2003   0.12  -0.12     0.00
  MONTH TO DATE    0.66                      0.47   0.19     0.17
  SINCE MAR 1      6.66                      5.59   1.07     6.96
  SINCE JAN 1      8.02                      7.28   0.74     9.72

SNOWFALL (IN)
  YESTERDAY        0.0           0.8  1944   0.1   -0.1      0.0
  MONTH TO DATE    0.0                       0.2   -0.2      0.0
  SINCE JUL 1     50.4                      52.1   -1.7     60.5
  SNOW DEPTH       0

DEGREE DAYS
 HEATING
  YESTERDAY        5                        11     -6       18
  MONTH TO DATE   19                        46    -27       70
  SINCE JUL 1   7831                      7471    360     8725

 COOLING
  YESTERDAY        0                         0      0        0
  MONTH TO DATE    4                         0      4        0
  SINCE JAN 1      4                         4      0        0
..................................................................


WIND (MPH)
  HIGHEST WIND SPEED    21   HIGHEST WIND DIRECTION    NE (30)
  HIGHEST GUST SPEED    25   HIGHEST GUST DIRECTION     N (20)
  AVERAGE WIND SPEED     9.8


SKY COVER
  POSSIBLE SUNSHINE  MM
  AVERAGE SKY COVER 0.1


WEATHER CONDITIONS
 THE FOLLOWING WEATHER WAS RECORDED YESTERDAY.
  FOG


RELATIVE HUMIDITY (PERCENT)
 HIGHEST    96           300 AM
 LOWEST     34           100 PM
 AVERAGE    65

..........................................................


THE ROCHESTER MN CLIMATE NORMALS FOR TODAY
                         NORMAL    RECORD    YEAR
 MAXIMUM TEMPERATURE (F)   65        88      1949
 MINIMUM TEMPERATURE (F)   44        26      1968
                                             1957


SUNRISE AND SUNSET
MAY  5 2015...........SUNRISE   557 AM CDT   SUNSET   818 PM CDT
MAY  6 2015...........SUNRISE   555 AM CDT   SUNSET   819 PM CDT


-  INDICATES NEGATIVE NUMBERS.
R  INDICATES RECORD WAS SET OR TIED.
MM INDICATES DATA IS MISSING.
T  INDICATES TRACE AMOUNT.




$$
