000
CDUS45 KCYS 190729
CLIRWL


CLIMATE REPORT
NATIONAL WEATHER SERVICE CHEYENNE WY
128 AM MDT SUN APR 19 2015


...................................

...THE RAWLINS WY AIRPORT CLIMATE SUMMARY FOR APRIL 18 2015...

CLIMATE NORMAL PERIOD 1981 TO 2010
CLIMATE RECORD PERIOD 1951 TO 2015


WEATHER ITEM   OBSERVED TIME   RECORD YEAR NORMAL DEPARTURE LAST
                VALUE   (LST)  VALUE       VALUE  FROM      YEAR
                                                  NORMAL
..................................................................
TEMPERATURE (F)
 YESTERDAY
  MAXIMUM         40    154 PM  73    1994  54    -14       71
  MINIMUM         32    431 AM  -7    2013  27      5       43
  AVERAGE         36                        41     -5       57

PRECIPITATION (IN)
  YESTERDAY        0.12          0.54 2011   0.04   0.08     0.00
  MONTH TO DATE    0.56                      0.60  -0.04     0.48
  SINCE JAN 1      1.57                      2.06  -0.49     1.53

DEGREE DAYS
 HEATING
  YESTERDAY       29                        24      5        8
  MONTH TO DATE  465                       478    -13      454
  SINCE MAR 1   1293                      1493   -200     1395
  SINCE JUL 1   6524                      7450   -926     7159

 COOLING
  YESTERDAY        0                         0      0        0
  MONTH TO DATE    0                         0      0        0
  SINCE MAR 1      0                         0      0        0
  SINCE JAN 1      0                         0      0        0
..................................................................


WIND (MPH)
  HIGHEST WIND SPEED    29   HIGHEST WIND DIRECTION    NE (30)
  HIGHEST GUST SPEED    36   HIGHEST GUST DIRECTION    NE (30)
  AVERAGE WIND SPEED    10.6


SKY COVER
  AVERAGE SKY COVER 1.0


WEATHER CONDITIONS
 THE FOLLOWING WEATHER WAS RECORDED YESTERDAY.
  RAIN
  LIGHT RAIN
  LIGHT SNOW
  FOG


RELATIVE HUMIDITY (PERCENT)
 HIGHEST   100           800 AM
 LOWEST     85           900 AM
 AVERAGE    93

..........................................................


THE RAWLINS WY AIRPORT CLIMATE NORMALS FOR TODAY
                         NORMAL    RECORD    YEAR
 MAXIMUM TEMPERATURE (F)   55        75      1994
                                             1962
 MINIMUM TEMPERATURE (F)   27        -5      1966


SUNRISE AND SUNSET
APRIL 19 2015.........SUNRISE   623 AM MDT   SUNSET   754 PM MDT
APRIL 20 2015.........SUNRISE   621 AM MDT   SUNSET   755 PM MDT


-  INDICATES NEGATIVE NUMBERS.
R  INDICATES RECORD WAS SET OR TIED.
MM INDICATES DATA IS MISSING.
T  INDICATES TRACE AMOUNT.




$$
