000
CDUS46 KSGX 270019
CLISAN


CLIMATE REPORT
NATIONAL WEATHER SERVICE SAN DIEGO, CA
519 PM PDT SUN APR 26 2015


...................................

...THE SAN DIEGO/LINDBERGH FIELD CA CLIMATE SUMMARY FOR APRIL 26 2015...
VALID TODAY AS OF 0500 PM LOCAL TIME.

CLIMATE NORMAL PERIOD 1981 TO 2010
CLIMATE RECORD PERIOD 1874 TO 2015


WEATHER ITEM   OBSERVED TIME   RECORD YEAR NORMAL DEPARTURE LAST
                VALUE   (LST)  VALUE       VALUE  FROM      YEAR
                                                  NORMAL
..................................................................
TEMPERATURE (F)
 TODAY
  MAXIMUM         70    244 PM  88    2004  68      2       65
  MINIMUM         59    634 AM  47    1932  57      2       56
                                      1882
  AVERAGE         65                        63      2       61

PRECIPITATION (IN)
  TODAY            0.00          1.06 1931   0.02  -0.02     0.16
  MONTH TO DATE    0.02                      0.72  -0.70     0.53
  SINCE OCT 1      6.52                      9.89  -3.37     5.01
  SINCE JAN 1      1.65                      6.78  -5.13     2.82

SNOWFALL (IN)
  TODAY            0.0
  MONTH TO DATE    0.0
  SINCE MAR 1      0.0
  SINCE JUL 1      0.0
  SNOW DEPTH       0

DEGREE DAYS
 HEATING
  TODAY            0                         3     -3        4
  MONTH TO DATE   21                       101    -80       38
  SINCE MAR 1     57                       279   -222       78
  SINCE JUL 1    403                      1137   -734      534

 COOLING
  TODAY            0                         1     -1        0
  MONTH TO DATE   31                         8     23       28
  SINCE MAR 1    124                        13    111       48
  SINCE JAN 1    146                        18    128       57
..................................................................


WIND (MPH)
  RESULTANT WIND SPEED   4   RESULTANT WIND DIRECTION   W (270)
  HIGHEST WIND SPEED    14   HIGHEST WIND DIRECTION     W (290)
  HIGHEST GUST SPEED    17   HIGHEST GUST DIRECTION     W (290)
  AVERAGE WIND SPEED     5.3


SKY COVER
  POSSIBLE SUNSHINE  MM
  AVERAGE SKY COVER 0.7


WEATHER CONDITIONS
 THE FOLLOWING WEATHER WAS RECORDED TODAY.
  NO SIGNIFICANT WEATHER WAS OBSERVED.


RELATIVE HUMIDITY (PERCENT)
 HIGHEST    69          1200 AM
 LOWEST     47           200 PM
 AVERAGE    58

..........................................................


THE SAN DIEGO/LINDBERGH FIELD CA CLIMATE NORMALS FOR TOMORROW
                         NORMAL    RECORD    YEAR
 MAXIMUM TEMPERATURE (F)   68        94      2008
 MINIMUM TEMPERATURE (F)   57        45      1883


SUNRISE AND SUNSET
APRIL 26 2015.........SUNRISE   607 AM PDT   SUNSET   727 PM PDT
APRIL 27 2015.........SUNRISE   606 AM PDT   SUNSET   727 PM PDT


-  INDICATES NEGATIVE NUMBERS.
R  INDICATES RECORD WAS SET OR TIED.
MM INDICATES DATA IS MISSING.
T  INDICATES TRACE AMOUNT.




$$
