000
CDUS44 KEWX 030738
CLISAT


CLIMATE REPORT
NATIONAL WEATHER SERVICE AUSTIN/SAN ANTONIO, TX
238 AM CDT SUN MAY 3 2015


...................................

...THE SAN ANTONIO CLIMATE SUMMARY FOR MAY 2 2015...

CLIMATE NORMAL PERIOD 1981 TO 2010
CLIMATE RECORD PERIOD 1886 TO 2015


WEATHER ITEM   OBSERVED TIME   RECORD YEAR NORMAL DEPARTURE LAST
                VALUE   (LST)  VALUE       VALUE  FROM      YEAR
                                                  NORMAL
..................................................................
TEMPERATURE (F)
 YESTERDAY
  MAXIMUM         82    309 PM  99    1964  84     -2       83
  MINIMUM         57    626 AM  47    1976  63     -6       53
                                      1909
  AVERAGE         70                        73     -3       68

PRECIPITATION (IN)
  YESTERDAY        0.00          2.36 1886   0.10  -0.10     0.00
  MONTH TO DATE    0.00                      0.21  -0.21     0.00
  SINCE MAR 1     10.51                      4.62   5.89     1.74
  SINCE JAN 1     14.71                      8.17   6.54     2.39

SNOWFALL (IN)
  YESTERDAY        0.0
  MONTH TO DATE    0.0
  SINCE MAR 1      0.0
  SINCE JUL 1      T
  SNOW DEPTH       0

DEGREE DAYS
 HEATING
  YESTERDAY        0                         0      0        0
  MONTH TO DATE    0                         0      0        0
  SINCE MAR 1    179                       193    -14      228
  SINCE JUL 1   1494                      1494      0     1562

 COOLING
  YESTERDAY        5                         9     -4        3
  MONTH TO DATE    8                        17     -9        4
  SINCE MAR 1    279                       250     29      301
  SINCE JAN 1    292                       276     16      366
..................................................................


WIND (MPH)
  HIGHEST WIND SPEED    17   HIGHEST WIND DIRECTION    SE (140)
  HIGHEST GUST SPEED    22   HIGHEST GUST DIRECTION    SE (150)
  AVERAGE WIND SPEED     7.5


SKY COVER
  AVERAGE SKY COVER 0.2


WEATHER CONDITIONS
 THE FOLLOWING WEATHER WAS RECORDED YESTERDAY.
  NO SIGNIFICANT WEATHER WAS OBSERVED.


RELATIVE HUMIDITY (PERCENT)
 HIGHEST    86           500 AM
 LOWEST     36           200 PM
 AVERAGE    61

..........................................................


THE SAN ANTONIO CLIMATE NORMALS FOR TODAY
                         NORMAL    RECORD    YEAR
 MAXIMUM TEMPERATURE (F)   84        98      1984
 MINIMUM TEMPERATURE (F)   63        45      2013


SUNRISE AND SUNSET
MAY  3 2015...........SUNRISE   650 AM CDT   SUNSET   812 PM CDT
MAY  4 2015...........SUNRISE   649 AM CDT   SUNSET   812 PM CDT


-  INDICATES NEGATIVE NUMBERS.
R  INDICATES RECORD WAS SET OR TIED.
MM INDICATES DATA IS MISSING.
T  INDICATES TRACE AMOUNT.




$$
