000
CDUS46 KSTO 180836
CLISCK


CLIMATE REPORT
NATIONAL WEATHER SERVICE SACRAMENTO, CA
136 AM PDT SAT APR 18 2015


...................................

...THE STOCKTON AIRPORT CA CLIMATE SUMMARY FOR APRIL 17 2015...

CLIMATE NORMAL PERIOD 1981 TO 2010
CLIMATE RECORD PERIOD 1948 TO 2015


WEATHER ITEM   OBSERVED TIME   RECORD YEAR NORMAL DEPARTURE LAST
                VALUE   (LST)  VALUE       VALUE  FROM      YEAR
                                                  NORMAL
..................................................................
TEMPERATURE (F)
 YESTERDAY
  MAXIMUM         86    254 PM  90    1954  73     13       85
  MINIMUM         46    525 AM  32    1976  46      0       50
  AVERAGE         66

PRECIPITATION (IN)
  YESTERDAY        0.00          1.08 1957   0.03  -0.03     0.00
  MONTH TO DATE    0.58                      0.63  -0.05     0.40
  SINCE OCT 1     10.05                     12.80  -2.75     6.80
  SINCE JAN 1      2.21                      8.07  -5.86     5.37

SNOWFALL (IN)
  YESTERDAY        0.0          MM      MM
  MONTH TO DATE    0.0
  SINCE MAR 1      0.0
  SINCE JUL 1      0.0
  SNOW DEPTH       0

DEGREE DAYS
 HEATING
  YESTERDAY        0                         6     -6        0
  MONTH TO DATE   97                       127    -30       69
  SINCE MAR 1    221                       451   -230      268
  SINCE JUL 1   1660                      2513   -853     2101

 COOLING
  YESTERDAY        1                         0      1        3
  MONTH TO DATE    2                         0      2       16
  SINCE MAR 1     19                         0     19       16
  SINCE JAN 1     19                         0     19       16
..................................................................


WIND (MPH)
  RESULTANT WIND SPEED   2   RESULTANT WIND DIRECTION   W (280)
  HIGHEST WIND SPEED    15   HIGHEST WIND DIRECTION    NW (300)
  HIGHEST GUST SPEED    22   HIGHEST GUST DIRECTION    NW (300)


SKY COVER
  POSSIBLE SUNSHINE  MM
  AVERAGE SKY COVER 0.0


WEATHER CONDITIONS
 THE FOLLOWING WEATHER WAS RECORDED YESTERDAY.
  NO SIGNIFICANT WEATHER WAS OBSERVED.


RELATIVE HUMIDITY (PERCENT)
 HIGHEST    76           600 AM
 LOWEST     14           300 PM
 AVERAGE    45

..........................................................


THE STOCKTON AIRPORT CA CLIMATE NORMALS FOR TODAY
                         NORMAL    RECORD    YEAR
 MAXIMUM TEMPERATURE (F)   73        90      1954
 MINIMUM TEMPERATURE (F)   46        35      1975


SUNRISE AND SUNSET
APRIL 18 2015.........SUNRISE   626 AM PDT   SUNSET   744 PM PDT
APRIL 19 2015.........SUNRISE   624 AM PDT   SUNSET   744 PM PDT


-  INDICATES NEGATIVE NUMBERS.
R  INDICATES RECORD WAS SET OR TIED.
MM INDICATES DATA IS MISSING.
T  INDICATES TRACE AMOUNT.




$$
