000
CDUS46 KLOX 270902
CLISDB


CLIMATE REPORT
NATIONAL WEATHER SERVICE LOS ANGELES/OXNARD CA
202 AM PDT MON APR 27 2015


...................................

...THE SANDBERG CA CLIMATE SUMMARY FOR APRIL 26 2015...

CLIMATE NORMAL PERIOD 1981 TO 2010
CLIMATE RECORD PERIOD 1934 TO 2015


WEATHER ITEM   OBSERVED TIME   RECORD YEAR NORMAL DEPARTURE LAST
                VALUE   (LST)  VALUE       VALUE  FROM      YEAR
                                                  NORMAL
..................................................................
TEMPERATURE (F)
 YESTERDAY
  MAXIMUM         60    211 PM  83    2013  61     -1       45
  MINIMUM         41    656 AM  26    1975  44     -3       34
  AVERAGE         51                        53     -2       40

PRECIPITATION (IN)
  YESTERDAY        0.00          0.51 1940   0.01  -0.01     0.06
  MONTH TO DATE    0.21                      0.57  -0.36     0.36
  SINCE OCT 1      7.02                     11.58  -4.56     4.28
  SINCE JAN 1      2.12                      7.95  -5.83     3.58

DEGREE DAYS
 HEATING
  YESTERDAY       14                        13      1       25
  MONTH TO DATE  281                       398   -117      230
  SINCE MAR 1    504                       968   -464      572
  SINCE JUL 1   2135                      3727  -1592     2357

 COOLING
  YESTERDAY        0                         0      0        0
  MONTH TO DATE    4                         0      4       21
  SINCE MAR 1     36                         1     35       24
  SINCE JAN 1     39                         1     38       31
..................................................................


WIND (MPH)
  HIGHEST WIND SPEED    36   HIGHEST WIND DIRECTION     N (340)
  HIGHEST GUST SPEED    48   HIGHEST GUST DIRECTION    NW (330)
  AVERAGE WIND SPEED    17.8


SKY COVER
  POSSIBLE SUNSHINE  MM
  AVERAGE SKY COVER 0.4


WEATHER CONDITIONS
 THE FOLLOWING WEATHER WAS RECORDED YESTERDAY.
  FOG


RELATIVE HUMIDITY (PERCENT)
 HIGHEST    89           300 AM
 LOWEST     43           200 PM
 AVERAGE    66

..........................................................


THE SANDBERG CA CLIMATE NORMALS FOR TODAY
                         NORMAL    RECORD    YEAR
 MAXIMUM TEMPERATURE (F)   61        84      2013
 MINIMUM TEMPERATURE (F)   44        27      1970


SUNRISE AND SUNSET
APRIL 27 2015.........SUNRISE   609 AM PDT   SUNSET   737 PM PDT
APRIL 28 2015.........SUNRISE   608 AM PDT   SUNSET   737 PM PDT


-  INDICATES NEGATIVE NUMBERS.
R  INDICATES RECORD WAS SET OR TIED.
MM INDICATES DATA IS MISSING.
T  INDICATES TRACE AMOUNT.




$$
