000
CDUS46 KLOX 010914
CLISDB


CLIMATE REPORT
NATIONAL WEATHER SERVICE LOS ANGELES/OXNARD CA
214 AM PDT WED APR 1 2015


...................................

...THE SANDBERG CA CLIMATE SUMMARY FOR MARCH 31 2015...

CLIMATE NORMAL PERIOD 1981 TO 2010
CLIMATE RECORD PERIOD 1934 TO 2015


WEATHER ITEM   OBSERVED TIME   RECORD YEAR NORMAL DEPARTURE LAST
                VALUE   (LST)  VALUE       VALUE  FROM      YEAR
                                                  NORMAL
..................................................................
TEMPERATURE (F)
 YESTERDAY
  MAXIMUM         63    224 PM  80    1966  56      7       57
  MINIMUM         49   1159 PM  25    1936  40      9       37
  AVERAGE         56                        48      8       47

PRECIPITATION (IN)
  YESTERDAY        0.00          0.96 1964   0.04  -0.04     0.03
  MONTH TO DATE    0.27                      1.73  -1.46     0.31
  SINCE OCT 1      6.81                     11.01  -4.20     3.92
  SINCE JAN 1      1.91                      7.38  -5.47     3.22

DEGREE DAYS
 HEATING
  YESTERDAY        9                        17     -8       18
  MONTH TO DATE  223                       570   -347      342
  SINCE MAR 1    223                       570   -347      342
  SINCE JUL 1   1854                      3329  -1475     2127

 COOLING
  YESTERDAY        0                         0      0        0
  MONTH TO DATE   32                         1     31        3
  SINCE MAR 1     32                         1     31        3
  SINCE JAN 1     35                         1     34       10
..................................................................


WIND (MPH)
  HIGHEST WIND SPEED    56   HIGHEST WIND DIRECTION    NW (330)
  HIGHEST GUST SPEED    70   HIGHEST GUST DIRECTION    NW (320)
  AVERAGE WIND SPEED    23.5


SKY COVER
  POSSIBLE SUNSHINE  MM
  AVERAGE SKY COVER 0.0


WEATHER CONDITIONS
 THE FOLLOWING WEATHER WAS RECORDED YESTERDAY.
  HAZE


RELATIVE HUMIDITY (PERCENT)
 HIGHEST    54           900 PM
 LOWEST     20           200 PM
 AVERAGE    37

..........................................................


THE SANDBERG CA CLIMATE NORMALS FOR TODAY
                         NORMAL    RECORD    YEAR
 MAXIMUM TEMPERATURE (F)   56        82      1966
 MINIMUM TEMPERATURE (F)   40        24      1967


SUNRISE AND SUNSET
APRIL  1 2015.........SUNRISE   642 AM PDT   SUNSET   716 PM PDT
APRIL  2 2015.........SUNRISE   641 AM PDT   SUNSET   717 PM PDT


-  INDICATES NEGATIVE NUMBERS.
R  INDICATES RECORD WAS SET OR TIED.
MM INDICATES DATA IS MISSING.
T  INDICATES TRACE AMOUNT.




$$
