000
CDUS45 KBYZ 210932
CLISHR


CLIMATE REPORT
NATIONAL WEATHER SERVICE BILLINGS MT
330 AM MDT TUE APR 21 2015


...................................

...THE SHERIDAN WY CLIMATE SUMMARY FOR APRIL 20 2015...

CLIMATE NORMAL PERIOD 1981 TO 2010
CLIMATE RECORD PERIOD 1907 TO 2015


WEATHER ITEM   OBSERVED TIME   RECORD YEAR NORMAL DEPARTURE LAST
                VALUE   (LST)  VALUE       VALUE  FROM      YEAR
                                                  NORMAL
..................................................................
TEMPERATURE (F)
 YESTERDAY
  MAXIMUM         56    502 PM  85    1980  59     -3       65
  MINIMUM         20    449 AM   3    1966  31    -11       33
  AVERAGE         38                        45     -7       49

PRECIPITATION (IN)
  YESTERDAY        0.00          0.65        0.05  -0.05     0.00
  MONTH TO DATE    0.92                      0.92   0.00     1.21
  SINCE OCT 1      5.44                      5.68  -0.24     8.51
  SINCE JAN 1      3.05                      3.00   0.05     4.75

DEGREE DAYS
 HEATING
  YESTERDAY       27                        20      7       16
  MONTH TO DATE  449                       455     -6      455
  SINCE MAR 1   1150                      1379   -229     1444
  SINCE JUL 1   6380                      6914   -534     7194

 COOLING
  YESTERDAY        0                         0      0        0
  MONTH TO DATE    0                         0      0        0
  SINCE MAR 1      0                         0      0        0
  SINCE JAN 1      0                         0      0        0
..................................................................


WIND (MPH)
  HIGHEST WIND SPEED    30   HIGHEST WIND DIRECTION    NW (330)
  HIGHEST GUST SPEED    39   HIGHEST GUST DIRECTION     N (340)
  AVERAGE WIND SPEED    10.4


SKY COVER
  POSSIBLE SUNSHINE  MM
  AVERAGE SKY COVER 0.1


WEATHER CONDITIONS
 THE FOLLOWING WEATHER WAS RECORDED YESTERDAY.
  NO SIGNIFICANT WEATHER WAS OBSERVED.


RELATIVE HUMIDITY (PERCENT)
 HIGHEST    77           400 AM
 LOWEST     26           200 PM
 AVERAGE    52

..........................................................


THE SHERIDAN WY CLIMATE NORMALS FOR TODAY
                         NORMAL    RECORD    YEAR
 MAXIMUM TEMPERATURE (F)   59        86      1989
 MINIMUM TEMPERATURE (F)   31         4      1927


SUNRISE AND SUNSET
APRIL 21 2015.........SUNRISE   614 AM MDT   SUNSET   800 PM MDT
APRIL 22 2015.........SUNRISE   612 AM MDT   SUNSET   802 PM MDT


-  INDICATES NEGATIVE NUMBERS.
R  INDICATES RECORD WAS SET OR TIED.
MM INDICATES DATA IS MISSING.
T  INDICATES TRACE AMOUNT.




$$
