000
CDUS46 KMTR 060026
CLISJC


CLIMATE REPORT
NATIONAL WEATHER SERVICE SAN FRANCISCO BAY AREA
525 PM PDT TUE MAY 5 2015


...................................

...THE SAN JOSE CA CLIMATE SUMMARY FOR MAY 5 2015...
VALID TODAY AS OF 0500 PM LOCAL TIME.

CLIMATE NORMAL PERIOD 1981 TO 2010
CLIMATE RECORD PERIOD 1893 TO 2015


WEATHER ITEM   OBSERVED TIME   RECORD YEAR NORMAL DEPARTURE LAST
                VALUE   (LST)  VALUE       VALUE  FROM      YEAR
                                                  NORMAL
..................................................................
TEMPERATURE (F)
 TODAY
  MAXIMUM         70   1155 AM  98    1987  74     -4       67
  MINIMUM         50    526 AM  39    1975  51     -1       53
  AVERAGE         60                        62     -2       60

PRECIPITATION (IN)
  TODAY            0.00          1.05 1915   0.02  -0.02     0.00
  MONTH TO DATE    0.00                      0.12  -0.12     0.00
  SINCE OCT 1     12.76                     14.31  -1.55     5.68
  SINCE JAN 1      2.81                      9.53  -6.72     4.78

SNOWFALL (IN)
  TODAY            0.0           0.0  1947
  MONTH TO DATE    0.0
  SINCE MAR 1      0.0
  SINCE JUL 1      0.0

DEGREE DAYS
 HEATING
  TODAY            5                         4      1        5
  MONTH TO DATE   18                        20     -2       11
  SINCE MAR 1    319                       461   -142      317
  SINCE JUL 1   1539                      1924   -385     1858

 COOLING
  TODAY            0                         1     -1        0
  MONTH TO DATE    6                         5      1       14
  SINCE MAR 1     27                        24      3       42
  SINCE JAN 1     27                        24      3       42
..................................................................


WIND (MPH)
  RESULTANT WIND SPEED   0   RESULTANT WIND DIRECTION   W (250)
  HIGHEST WIND SPEED    17   HIGHEST WIND DIRECTION    NW (310)
  HIGHEST GUST SPEED    22   HIGHEST GUST DIRECTION     W (290)
  AVERAGE WIND SPEED     7.6


SKY COVER
  POSSIBLE SUNSHINE  MM
  AVERAGE SKY COVER 0.2


WEATHER CONDITIONS
 THE FOLLOWING WEATHER WAS RECORDED TODAY.
  NO SIGNIFICANT WEATHER WAS OBSERVED.


RELATIVE HUMIDITY (PERCENT)
 HIGHEST    83           400 AM
 LOWEST     40          1200 PM
 AVERAGE    62

..........................................................


THE SAN JOSE CA CLIMATE NORMALS FOR TOMORROW
                         NORMAL    RECORD    YEAR
 MAXIMUM TEMPERATURE (F)   74        99      1987
 MINIMUM TEMPERATURE (F)   51        38      1896


SUNRISE AND SUNSET
MAY  5 2015...........SUNRISE   608 AM PDT   SUNSET   801 PM PDT
MAY  6 2015...........SUNRISE   607 AM PDT   SUNSET   802 PM PDT


-  INDICATES NEGATIVE NUMBERS.
R  INDICATES RECORD WAS SET OR TIED.
MM INDICATES DATA IS MISSING.
T  INDICATES TRACE AMOUNT.




$$
