000
CDUS43 KILX 210632
CLISPI


CLIMATE REPORT
NATIONAL WEATHER SERVICE LINCOLN IL
132 AM CDT TUE APR 21 2015


...................................

...THE SPRINGFIELD IL CLIMATE SUMMARY FOR APRIL 20 2015...

CLIMATE NORMAL PERIOD 1981 TO 2010
CLIMATE RECORD PERIOD 1879 TO 2015


WEATHER ITEM   OBSERVED TIME   RECORD YEAR NORMAL DEPARTURE LAST
                VALUE   (LST)  VALUE       VALUE  FROM      YEAR
                                                  NORMAL
..................................................................
TEMPERATURE (F)
 YESTERDAY
  MAXIMUM         58   1216 AM  89    1936  66     -8       82
  MINIMUM         43    824 PM  28    1956  44     -1       51
                                      1897
  AVERAGE         51                        55     -4       67

PRECIPITATION (IN)
  YESTERDAY        T             1.86 1964   0.13  -0.13     0.00
  MONTH TO DATE    1.69                      2.23  -0.54     2.34
  SINCE MAR 1      3.25                      4.86  -1.61     4.13
  SINCE JAN 1      6.53                      8.49  -1.96     9.56

SNOWFALL (IN)
  YESTERDAY        0.0           T    1943   0.0    0.0      0.0
  MONTH TO DATE    0.0                       0.3   -0.3      0.1
  SINCE MAR 1      3.7                       2.8    0.9      3.4
  SINCE JUL 1     33.9                      20.9   13.0     45.7
  SNOW DEPTH       0

DEGREE DAYS
 HEATING
  YESTERDAY       14                        11      3        0
  MONTH TO DATE  129                       277   -148      241
  SINCE MAR 1    881                       988   -107     1096
  SINCE JUL 1   5450                      5259    191     6043

 COOLING
  YESTERDAY        0                         1     -1        2
  MONTH TO DATE   10                         9      1        6
  SINCE MAR 1     10                        11     -1        6
  SINCE JAN 1     10                        11     -1        6
..................................................................


WIND (MPH)
  HIGHEST WIND SPEED    29   HIGHEST WIND DIRECTION     W (270)
  HIGHEST GUST SPEED    37   HIGHEST GUST DIRECTION     W (280)
  AVERAGE WIND SPEED    17.5


SKY COVER
  POSSIBLE SUNSHINE  MM
  AVERAGE SKY COVER 0.8


WEATHER CONDITIONS
 THE FOLLOWING WEATHER WAS RECORDED YESTERDAY.
  LIGHT RAIN
  FOG


RELATIVE HUMIDITY (PERCENT)
 HIGHEST    93          1200 AM
 LOWEST     50           500 PM
 AVERAGE    72

..........................................................


THE SPRINGFIELD IL CLIMATE NORMALS FOR TODAY
                         NORMAL    RECORD    YEAR
 MAXIMUM TEMPERATURE (F)   67        87      1902
 MINIMUM TEMPERATURE (F)   44        28      1904


SUNRISE AND SUNSET
APRIL 21 2015.........SUNRISE   613 AM CDT   SUNSET   743 PM CDT
APRIL 22 2015.........SUNRISE   611 AM CDT   SUNSET   744 PM CDT


-  INDICATES NEGATIVE NUMBERS.
R  INDICATES RECORD WAS SET OR TIED.
MM INDICATES DATA IS MISSING.
T  INDICATES TRACE AMOUNT.




$$
