000
CDUS43 KILX 020635
CLISPI


CLIMATE REPORT
NATIONAL WEATHER SERVICE LINCOLN IL
134 AM CDT THU APR 2 2015


...................................

...THE SPRINGFIELD IL CLIMATE SUMMARY FOR APRIL 1 2015...

CLIMATE NORMAL PERIOD 1981 TO 2010
CLIMATE RECORD PERIOD 1879 TO 2015


WEATHER ITEM   OBSERVED TIME   RECORD YEAR NORMAL DEPARTURE LAST
                VALUE   (LST)  VALUE       VALUE  FROM      YEAR
                                                  NORMAL
..................................................................
TEMPERATURE (F)
 YESTERDAY
  MAXIMUM         76    254 PM  88    2012  59     17       58
  MINIMUM         42    115 AM  19    1899  38      4       32
                                      1881
  AVERAGE         59                        48     11       45

PRECIPITATION (IN)
  YESTERDAY        T             0.92 1970   0.10  -0.10     0.19
  MONTH TO DATE    T                         0.10  -0.10     0.19
  SINCE MAR 1      1.56                      2.73  -1.17     1.98
  SINCE JAN 1      4.84                      6.36  -1.52     7.41

SNOWFALL (IN)
  YESTERDAY        0.0           0.4  1993   0.0    0.0      0.0
  MONTH TO DATE    0.0                       0.0    0.0      0.0
  SINCE MAR 1      3.7                       2.5    1.2      3.3
  SINCE JUL 1     33.9                      20.6   13.3     45.6
  SNOW DEPTH       0

DEGREE DAYS
 HEATING
  YESTERDAY        6                        17    -11       20
  MONTH TO DATE    6                        17    -11       20
  SINCE MAR 1    758                       728     30      875
  SINCE JUL 1   5327                      4999    328     5822

 COOLING
  YESTERDAY        0                         0      0        0
  MONTH TO DATE    0                         0      0        0
  SINCE MAR 1      0                         2     -2        0
  SINCE JAN 1      0                         2     -2        0
..................................................................


WIND (MPH)
  HIGHEST WIND SPEED    26   HIGHEST WIND DIRECTION     S (170)
  HIGHEST GUST SPEED    36   HIGHEST GUST DIRECTION    SE (150)
  AVERAGE WIND SPEED    14.2


SKY COVER
  POSSIBLE SUNSHINE  MM
  AVERAGE SKY COVER 0.1


WEATHER CONDITIONS
 THE FOLLOWING WEATHER WAS RECORDED YESTERDAY.
  LIGHT RAIN


RELATIVE HUMIDITY (PERCENT)
 HIGHEST    76           200 AM
 LOWEST     29           400 PM
 AVERAGE    53

..........................................................


THE SPRINGFIELD IL CLIMATE NORMALS FOR TODAY
                         NORMAL    RECORD    YEAR
 MAXIMUM TEMPERATURE (F)   59        87      2012
                                             1981
 MINIMUM TEMPERATURE (F)   38        21      1961


SUNRISE AND SUNSET
APRIL  2 2015.........SUNRISE   642 AM CDT   SUNSET   724 PM CDT
APRIL  3 2015.........SUNRISE   640 AM CDT   SUNSET   725 PM CDT


-  INDICATES NEGATIVE NUMBERS.
R  INDICATES RECORD WAS SET OR TIED.
MM INDICATES DATA IS MISSING.
T  INDICATES TRACE AMOUNT.




$$
