000
CDUS44 KOUN 250635
CLISPS

CLIMATE REPORT
NATIONAL WEATHER SERVICE NORMAN OK
132 AM CDT SAT APR 25 2015


...................................

...THE WICHITA FALLS CLIMATE SUMMARY FOR APRIL 24 2015...

CLIMATE NORMAL PERIOD 1981 TO 2010
CLIMATE RECORD PERIOD 1897 TO 2015


WEATHER ITEM   OBSERVED TIME   RECORD YEAR NORMAL DEPARTURE LAST
                VALUE   (LST)  VALUE       VALUE  FROM      YEAR
                                                  NORMAL
..................................................................
TEMPERATURE (F)
 YESTERDAY
  MAXIMUM         71    412 AM  96    1984  78     -7       80
  MINIMUM         62   1159 PM  29    2013  52     10       57
  AVERAGE         67                        65      2       69

PRECIPITATION (IN)
  YESTERDAY        0.15          2.04 1964   0.11   0.04     0.00
  MONTH TO DATE    1.98                      1.92   0.06     1.48
  SINCE JAN 1      6.36                      7.01  -0.65     4.01

SNOWFALL (IN)
  YESTERDAY        0.0                       0.0    0.0      0.0
  MONTH TO DATE    0.0                       0.0    0.0       T
  SINCE JUL 1      6.5                       3.9    2.6      5.0
  SNOW DEPTH       0

DEGREE DAYS
 HEATING
  YESTERDAY        0                         3     -3        0
  MONTH TO DATE   75                       128    -53      111
  SINCE JUL 1   2857                      2931    -74     3329

 COOLING
  YESTERDAY        2                         3     -1        4
  MONTH TO DATE   57                        49      8       65
  SINCE JAN 1     74                        71      3       81
..................................................................


WIND (MPH)
  HIGHEST WIND SPEED    28   HIGHEST WIND DIRECTION     S (170)
  HIGHEST GUST SPEED    32   HIGHEST GUST DIRECTION     S (170)
  AVERAGE WIND SPEED    15.0


SKY COVER
  AVERAGE SKY COVER 0.6


WEATHER CONDITIONS
 THE FOLLOWING WEATHER WAS RECORDED YESTERDAY.
  THUNDERSTORM
  LIGHT RAIN
  FOG


RELATIVE HUMIDITY (PERCENT)
 HIGHEST    93          1200 AM
 LOWEST     61           400 AM
 AVERAGE    77

..........................................................


THE WICHITA FALLS CLIMATE NORMALS FOR TODAY
                         NORMAL    RECORD    YEAR
 MAXIMUM TEMPERATURE (F)   78        98      2012
 MINIMUM TEMPERATURE (F)   53        38      2013


SUNRISE AND SUNSET
APRIL 25 2015.........SUNRISE   651 AM CDT   SUNSET   813 PM CDT
APRIL 26 2015.........SUNRISE   650 AM CDT   SUNSET   814 PM CDT


-  INDICATES NEGATIVE NUMBERS.
R  INDICATES RECORD WAS SET OR TIED.
MM INDICATES DATA IS MISSING.
T  INDICATES TRACE AMOUNT.

$$
