000
CDUS44 KBMX 180708
CLITCL


CLIMATE REPORT
NATIONAL WEATHER SERVICE BIRMINGHAM, AL
207 AM CDT SAT APR 18 2015


...................................

...THE TUSCALOOSA CLIMATE SUMMARY FOR APRIL 17 2015...

CLIMATE NORMAL PERIOD 1994 TO 1994
CLIMATE RECORD PERIOD 1994 TO 2015


WEATHER ITEM   OBSERVED TIME   RECORD YEAR NORMAL DEPARTURE LAST
                VALUE   (LST)  VALUE       VALUE  FROM      YEAR
                                                  NORMAL
..................................................................
TEMPERATURE (F)
 YESTERDAY
  MAXIMUM         69    451 PM  92    1955  76     -7       71
  MINIMUM         60    723 AM  33    1949  50     10       47
  AVERAGE         65                        63      2       59

PRECIPITATION (IN)
  YESTERDAY        0.50          1.90 1969   0.14   0.36     0.00
  MONTH TO DATE    6.03                      2.45   3.58     6.30
  SINCE MAR 1      9.47                      6.99   2.48    11.58
  SINCE JAN 1     20.22                     17.66   2.56    19.30

SNOWFALL (IN)
  YESTERDAY        0.0                       0.0    0.0
  MONTH TO DATE    0.0                       0.0    0.0
  SINCE MAR 1      T                         0.3   -0.3
  SINCE JUL 1      T                         0.7   -0.7

DEGREE DAYS
 HEATING
  YESTERDAY        0                         4     -4
  MONTH TO DATE   21                        88    -67
  SINCE MAR 1    236                       382   -146
  SINCE JUL 1   2531                      2472     59
..................................................................


WIND (MPH)
  HIGHEST WIND SPEED    13   HIGHEST WIND DIRECTION    NE (40)
  HIGHEST GUST SPEED    14   HIGHEST GUST DIRECTION    NE (40)
  AVERAGE WIND SPEED     6.6


SKY COVER
  AVERAGE SKY COVER 1.0


WEATHER CONDITIONS
 THE FOLLOWING WEATHER WAS RECORDED YESTERDAY.
  HEAVY RAIN
  RAIN
  LIGHT RAIN
  FOG


RELATIVE HUMIDITY (PERCENT)
 HIGHEST    97           500 AM
 LOWEST     78           300 PM
 AVERAGE    88

..........................................................


THE TUSCALOOSA CLIMATE NORMALS FOR TODAY
                         NORMAL    RECORD    YEAR
 MAXIMUM TEMPERATURE (F)   77        92      2006
 MINIMUM TEMPERATURE (F)   51        33      2001


SUNRISE AND SUNSET
APRIL 18 2015.........SUNRISE   617 AM CDT   SUNSET   723 PM CDT
APRIL 19 2015.........SUNRISE   616 AM CDT   SUNSET   724 PM CDT


-  INDICATES NEGATIVE NUMBERS.
R  INDICATES RECORD WAS SET OR TIED.
MM INDICATES DATA IS MISSING.
T  INDICATES TRACE AMOUNT.




$$
