000
CDUS44 KBMX 280954
CLITOI


CLIMATE REPORT
NATIONAL WEATHER SERVICE BIRMINGHAM, AL
453 AM CDT TUE APR 28 2015


...................................

...THE TROY CLIMATE SUMMARY FOR APRIL 27 2015...

CLIMATE NORMAL PERIOD 1981 TO 2010
CLIMATE RECORD PERIOD 9999 TO 9999


WEATHER ITEM   OBSERVED TIME   RECORD YEAR NORMAL DEPARTURE LAST
                VALUE   (LST)  VALUE       VALUE  FROM      YEAR
                                                  NORMAL
..................................................................
TEMPERATURE (F)
 YESTERDAY
  MAXIMUM         73   1218 PM  MM      MM  80     -7       83
  MINIMUM         59    634 AM  MM      MM  53      6       61
  AVERAGE         66                        66      0       72

PRECIPITATION (IN)
  YESTERDAY        0.00                      0.08  -0.08     0.00
  MONTH TO DATE    7.10                      3.74   3.36     8.89
  SINCE MAR 1      9.68                      9.77  -0.09    14.58
  SINCE JAN 1     16.59                     18.90  -2.31    23.64

SNOWFALL (IN)
  YESTERDAY        0.0                      MM     MM        0.0
  MONTH TO DATE    0.0                      MM     MM        0.0
  SINCE MAR 1      0.0                      MM     MM        0.0
  SINCE JUL 1      0.0                      MM     MM        0.3
  SNOW DEPTH       0

DEGREE DAYS
 HEATING
  YESTERDAY        0                         2     -2        0
  MONTH TO DATE   16                       108    -92       82
  SINCE MAR 1    162                       390   -228      379
  SINCE JUL 1   2163                      2309   -146     2319

 COOLING
  YESTERDAY        1                         3     -2        7
  MONTH TO DATE  143                        48     95       51
  SINCE MAR 1    203                        62    141       52
  SINCE JAN 1    205                        67    138       63
..................................................................


WIND (MPH)
  HIGHEST WIND SPEED    10   HIGHEST WIND DIRECTION     N (20)
  HIGHEST GUST SPEED    14   HIGHEST GUST DIRECTION     N (20)
  AVERAGE WIND SPEED     5.9


SKY COVER
  AVERAGE SKY COVER 0.0


WEATHER CONDITIONS
 THE FOLLOWING WEATHER WAS RECORDED YESTERDAY.
  NO SIGNIFICANT WEATHER WAS OBSERVED.


RELATIVE HUMIDITY (PERCENT)
 HIGHEST    84           200 AM
 LOWEST     53          1100 AM
 AVERAGE    69

..........................................................


THE TROY CLIMATE NORMALS FOR TODAY
                         NORMAL    RECORD    YEAR
 MAXIMUM TEMPERATURE (F)   80        MM        MM
 MINIMUM TEMPERATURE (F)   53        MM        MM


SUNRISE AND SUNSET
APRIL 28 2015.........SUNRISE   602 AM CDT   SUNSET   722 PM CDT
APRIL 29 2015.........SUNRISE   601 AM CDT   SUNSET   723 PM CDT


-  INDICATES NEGATIVE NUMBERS.
R  INDICATES RECORD WAS SET OR TIED.
MM INDICATES DATA IS MISSING.
T  INDICATES TRACE AMOUNT.




$$
