000
CDUS45 KLKN 260940
CLITPH


CLIMATE REPORT
NATIONAL WEATHER SERVICE ELKO NV
235 AM PDT SUN APR 26 2015


...................................

...THE TONOPAH AIRPORT NV CLIMATE SUMMARY FOR APRIL 25 2015...

CLIMATE NORMAL PERIOD 1981 TO 2010
CLIMATE RECORD PERIOD 1954 TO 2015


WEATHER ITEM   OBSERVED TIME   RECORD YEAR NORMAL DEPARTURE LAST
                VALUE   (LST)  VALUE       VALUE  FROM      YEAR
                                                  NORMAL
..................................................................
TEMPERATURE (F)
 YESTERDAY
  MAXIMUM         52    314 PM  79    1992  67    -15       61
                                      1987
                                      1966
  MINIMUM         35    521 AM  18    1989  37     -2       38
  AVERAGE         44                        52     -8       50

PRECIPITATION (IN)
  YESTERDAY        0.02          0.33 1978   0.01   0.01     0.13
  MONTH TO DATE    0.13                      0.35  -0.22     0.14
  SINCE OCT 1      1.05                      3.02  -1.97     1.29
  SINCE JAN 1      0.57                      1.93  -1.36     0.83

DEGREE DAYS
 HEATING
  YESTERDAY       21                        13      8       15
  MONTH TO DATE  391                       406    -15      305
  SINCE MAR 1    844                      1091   -247      919
  SINCE JUL 1   3966                      5133  -1167     4692

 COOLING
  YESTERDAY        0                         0      0        0
  MONTH TO DATE    0                         0      0        0
  SINCE MAR 1      0                         0      0        0
  SINCE JAN 1      0                         0      0        0
..................................................................


WIND (MPH)
  HIGHEST WIND SPEED    45   HIGHEST WIND DIRECTION    NW (330)
  HIGHEST GUST SPEED    59   HIGHEST GUST DIRECTION    NW (320)
  AVERAGE WIND SPEED    16.0



WEATHER CONDITIONS
 THE FOLLOWING WEATHER WAS RECORDED YESTERDAY.
  LIGHT RAIN


RELATIVE HUMIDITY (PERCENT)
 HIGHEST    65           900 AM
 LOWEST     34           600 PM
 AVERAGE    50

..........................................................


THE TONOPAH AIRPORT NV CLIMATE NORMALS FOR TODAY
                         NORMAL    RECORD    YEAR
 MAXIMUM TEMPERATURE (F)   68        82      2000
                                             1992
 MINIMUM TEMPERATURE (F)   37        22      1984


SUNRISE AND SUNSET
APRIL 26 2015.........SUNRISE   558 AM PDT   SUNSET   734 PM PDT
APRIL 27 2015.........SUNRISE   557 AM PDT   SUNSET   735 PM PDT


-  INDICATES NEGATIVE NUMBERS.
R  INDICATES RECORD WAS SET OR TIED.
MM INDICATES DATA IS MISSING.
T  INDICATES TRACE AMOUNT.




$$
