000
CDUS46 KSGX 250017
CLITRM


CLIMATE REPORT
NATIONAL WEATHER SERVICE SAN DIEGO, CA
517 PM PDT FRI APR 24 2015


...................................

...THE THERMAL AIRPORT CA CLIMATE SUMMARY FOR APRIL 24 2015...
VALID TODAY AS OF 0500 PM LOCAL TIME.

CLIMATE NORMAL PERIOD 1981 TO 2010
CLIMATE RECORD PERIOD 1950 TO 2015


WEATHER ITEM   OBSERVED TIME   RECORD YEAR NORMAL DEPARTURE LAST
                VALUE   (LST)  VALUE       VALUE  FROM      YEAR
                                                  NORMAL
..................................................................
TEMPERATURE (F)
 TODAY
  MAXIMUM         83    329 PM 102    1996  89     -6       93
  MINIMUM         62    529 AM  45    1968  56      6       57
  AVERAGE         73                        72      1       75

PRECIPITATION (IN)
  TODAY            0.00          0.07 2002   0.00   0.00     0.00
  MONTH TO DATE    T                         0.05  -0.05     0.00
  SINCE OCT 1      0.77                      2.57  -1.80     0.16
  SINCE JAN 1      0.62                      1.76  -1.14     0.08

SNOWFALL (IN)
  TODAY            0.0
  MONTH TO DATE    0.0
  SINCE MAR 1      0.0
  SINCE JUL 1      0.0
  SNOW DEPTH       0

DEGREE DAYS
 HEATING
  TODAY            0                         0      0        0
  MONTH TO DATE    0                        19    -19        9
  SINCE MAR 1     44                       111    -67       32
  SINCE JUL 1    749                      1176   -427      821

 COOLING
  TODAY            8                         8      0       10
  MONTH TO DATE  145                       131     14      205
  SINCE MAR 1    330                       193    137      309
  SINCE JAN 1    352                       205    147      319
..................................................................


WIND (MPH)
  RESULTANT WIND SPEED  10   RESULTANT WIND DIRECTION   N (340)
  HIGHEST WIND SPEED    22   HIGHEST WIND DIRECTION     N (350)
  HIGHEST GUST SPEED    29   HIGHEST GUST DIRECTION     N (340)
  AVERAGE WIND SPEED    11.6


SKY COVER
  POSSIBLE SUNSHINE  MM
  AVERAGE SKY COVER 0.0


WEATHER CONDITIONS
 THE FOLLOWING WEATHER WAS RECORDED TODAY.
  NO SIGNIFICANT WEATHER WAS OBSERVED.


RELATIVE HUMIDITY (PERCENT)
 HIGHEST    56           300 AM
 LOWEST     26           100 PM
 AVERAGE    41

..........................................................


THE THERMAL AIRPORT CA CLIMATE NORMALS FOR TOMORROW
                         NORMAL    RECORD    YEAR
 MAXIMUM TEMPERATURE (F)   90       107      1996
 MINIMUM TEMPERATURE (F)   56        47      1988


SUNRISE AND SUNSET
APRIL 24 2015.........SUNRISE   604 AM PDT   SUNSET   722 PM PDT
APRIL 25 2015.........SUNRISE   603 AM PDT   SUNSET   723 PM PDT


-  INDICATES NEGATIVE NUMBERS.
R  INDICATES RECORD WAS SET OR TIED.
MM INDICATES DATA IS MISSING.
T  INDICATES TRACE AMOUNT.




$$
