000
CDUS43 KAPX 180538
CLITVC


CLIMATE REPORT
NATIONAL WEATHER SERVICE GAYLORD MI
137 AM EDT SAT APR 18 2015


...................................

...THE TRAVERSE CITY MI CLIMATE SUMMARY FOR APRIL 17 2015...

CLIMATE NORMAL PERIOD 1981 TO 2010
CLIMATE RECORD PERIOD 1896 TO 2015


WEATHER ITEM   OBSERVED TIME   RECORD YEAR NORMAL DEPARTURE LAST
                VALUE   (LST)  VALUE       VALUE  FROM      YEAR
                                                  NORMAL
..................................................................
TEMPERATURE (F)
 YESTERDAY
  MAXIMUM         63    321 PM  82    1976  55      8       58
  MINIMUM         34    158 AM  19    1978  33      1       36
  AVERAGE         49                        44      5       47

PRECIPITATION (IN)
  YESTERDAY        0.00          1.22 1960   0.10  -0.10     0.00
  MONTH TO DATE    1.07                      1.60  -0.53     2.93
  SINCE MAR 1      1.59                      3.46  -1.87     3.85
  SINCE JAN 1      2.37                      7.78  -5.41     5.27

DEGREE DAYS
 HEATING
  YESTERDAY       16                        21     -5       18
  MONTH TO DATE  355                       419    -64      450
  SINCE MAR 1   1438                      1481    -43     1781
  SINCE JUL 1   7170                      6821    349     7503

 COOLING
  YESTERDAY        0                         0      0        0
  MONTH TO DATE    0                         0      0        0
  SINCE MAR 1      0                         0      0        0
  SINCE JAN 1      0                         0      0        0
..................................................................


WIND (MPH)
  HIGHEST WIND SPEED    13   HIGHEST WIND DIRECTION    NE (40)
  HIGHEST GUST SPEED    15   HIGHEST GUST DIRECTION     N (10)
  AVERAGE WIND SPEED     3.3




RELATIVE HUMIDITY (PERCENT)
 HIGHEST    96
 LOWEST     43
 AVERAGE    70

..........................................................


THE TRAVERSE CITY MI CLIMATE NORMALS FOR TODAY
                         NORMAL    RECORD    YEAR
 MAXIMUM TEMPERATURE (F)   55        85      2002
 MINIMUM TEMPERATURE (F)   33        20      1944


SUNRISE AND SUNSET
APRIL 18 2015.........SUNRISE   653 AM EDT   SUNSET   831 PM EDT
APRIL 19 2015.........SUNRISE   652 AM EDT   SUNSET   832 PM EDT


-  INDICATES NEGATIVE NUMBERS.
R  INDICATES RECORD WAS SET OR TIED.
MM INDICATES DATA IS MISSING.
T  INDICATES TRACE AMOUNT.




$$
