000
CDUS44 KMRX 062123
CLITYS

CLIMATE REPORT NATIONAL WEATHER SERVICE MORRISTOWN TN
523 PM EDT WED MAY 6 2015

...................................

...THE KNOXVILLE  CLIMATE SUMMARY FOR MAY 6 2015... VALID TODAY AS
OF 500 PM LOCAL TIME.

CLIMATE NORMAL PERIOD 1981 TO 2010
CLIMATE RECORD PERIOD 1871 TO 2015


WEATHER ITEM   OBSERVED TIME   RECORD YEAR NORMAL DEPARTURE LAST
                VALUE   (LST)  VALUE       VALUE  FROM      YEAR
                                                  NORMAL
..................................................................
TEMPERATURE (F)
 TODAY
  MAXIMUM         85    344 PM  89    1949  76      9       83
  MINIMUM         59    558 AM  38    1891  53      6       60
  AVERAGE         72                        64      8       72

PRECIPITATION (IN)
  TODAY            0.00          2.33 1984   0.15  -0.15     0.00
  MONTH TO DATE    T                         0.90  -0.90     0.00
  SINCE MAR 1      8.58                      9.25  -0.67     6.74
  SINCE JAN 1     15.72                     17.83  -2.11    14.81

SNOWFALL (IN)
  TODAY            0.0                       0.0    0.0      0.0
  MONTH TO DATE    0.0                       0.0    0.0      0.0
  SINCE MAR 1      T                         1.4   -1.4      0.5
  SINCE JUL 1      9.3                       6.5    2.8     12.4
  SNOW DEPTH       0

DEGREE DAYS
 HEATING
  TODAY            0                         3     -3        0
  MONTH TO DATE   22                        20      2       23
  SINCE MAR 1    572                       699   -127      712
  SINCE JUL 1   3837                      3595    242     3759

 COOLING
  TODAY            7                         2      5        7
  MONTH TO DATE   14                        12      2       17
  SINCE MAR 1     39                        49    -10       49
  SINCE JAN 1     39                        49    -10       49
..................................................................


WIND (MPH)
  HIGHEST WIND SPEED    10   HIGHEST WIND DIRECTION    NE (40)
  HIGHEST GUST SPEED    15   HIGHEST GUST DIRECTION     N (10)
  AVERAGE WIND SPEED     3.2


SKY COVER
  POSSIBLE SUNSHINE  MM
  AVERAGE SKY COVER 0.3


WEATHER CONDITIONS
 THE FOLLOWING WEATHER WAS RECORDED TODAY.
  NO SIGNIFICANT WEATHER WAS OBSERVED.


RELATIVE HUMIDITY (PERCENT)
 HIGHEST    87           600 AM
 LOWEST     34           300 PM
 AVERAGE    61

..........................................................


THE KNOXVILLE    ASOS CLIMATE NORMALS FOR TOMORROW
                         NORMAL    RECORD    YEAR
 MAXIMUM TEMPERATURE (F)   76        92      1940
 MINIMUM TEMPERATURE (F)   54        37      1989


SUNRISE AND SUNSET
MAY  6 2015...........SUNRISE   639 AM EDT   SUNSET   827 PM EDT
MAY  7 2015...........SUNRISE   638 AM EDT   SUNSET   828 PM EDT


-  INDICATES NEGATIVE NUMBERS.
R  INDICATES RECORD WAS SET OR TIED.
MM INDICATES DATA IS MISSING.
T  INDICATES TRACE AMOUNT.




$$
