000
CDUS43 KLSX 060732
CLIUIN


CLIMATE REPORT
NATIONAL WEATHER SERVICE ST LOUIS MO
231 AM CDT WED MAY 6 2015


...................................

...THE QUINCY IL CLIMATE SUMMARY FOR MAY 5 2015...

CLIMATE NORMAL PERIOD 1981 TO 2010
CLIMATE RECORD PERIOD 1901 TO 2015


WEATHER ITEM   OBSERVED TIME   RECORD YEAR NORMAL DEPARTURE LAST
                VALUE   (LST)  VALUE       VALUE  FROM      YEAR
                                                  NORMAL
..................................................................
TEMPERATURE (F)
 YESTERDAY
  MAXIMUM         83    428 PM  92    1943  70     13       73
  MINIMUM         63    549 AM  33    1954  50     13       48
  AVERAGE         73                        60     13

PRECIPITATION (IN)
  YESTERDAY        0.13          1.45 1967   0.13   0.00     0.00
  MONTH TO DATE    0.19                      0.66  -0.47      T
  SINCE MAR 1      2.84                      6.81  -3.97     4.13
  SINCE JAN 1      4.88                     10.21  -5.33     6.25

DEGREE DAYS
 HEATING
  YESTERDAY        0                         6     -6
  MONTH TO DATE   10                        35    -25
  SINCE MAR 1    998                      1123   -125
  SINCE JUL 1   5664                      5465    199

 COOLING
  YESTERDAY        8                         1      7
  MONTH TO DATE   22                         5     17
  SINCE MAR 1     28                        23      5
  SINCE JAN 1     28                        23      5
..................................................................


WIND (MPH)
  HIGHEST WIND SPEED    23   HIGHEST WIND DIRECTION     N (340)
  HIGHEST GUST SPEED    27   HIGHEST GUST DIRECTION    NW (330)
  AVERAGE WIND SPEED     7.0


SKY COVER
  AVERAGE SKY COVER 0.5



RELATIVE HUMIDITY (PERCENT)
 HIGHEST    93           300 AM
 LOWEST     35           500 PM
 AVERAGE    64

..........................................................


THE QUINCY IL CLIMATE NORMALS FOR TODAY
                         NORMAL    RECORD    YEAR
 MAXIMUM TEMPERATURE (F)   70        91      1934
 MINIMUM TEMPERATURE (F)   50        32      1989


SUNRISE AND SUNSET
MAY  6 2015...........SUNRISE   559 AM CDT   SUNSET   804 PM CDT
MAY  7 2015...........SUNRISE   558 AM CDT   SUNSET   805 PM CDT


-  INDICATES NEGATIVE NUMBERS.
R  INDICATES RECORD WAS SET OR TIED.
MM INDICATES DATA IS MISSING.
T  INDICATES TRACE AMOUNT.




$$
