000
CDUS44 KCRP 070038 RRA
CLIVCT

CLIMATE REPORT
NATIONAL WEATHER SERVICE CORPUS CHRISTI TX
735 PM CDT WED MAY 6 2015


...................................

...THE VICTORIA CLIMATE SUMMARY FOR MAY 6 2015...
VALID TODAY AS OF 0500 PM LOCAL TIME.

CLIMATE NORMAL PERIOD 1981 TO 2010
CLIMATE RECORD PERIOD 1893 TO 2015


WEATHER ITEM   OBSERVED TIME   RECORD YEAR NORMAL DEPARTURE LAST
                VALUE   (LST)  VALUE       VALUE  FROM      YEAR
                                                  NORMAL
..................................................................
TEMPERATURE (F)
 TODAY
  MAXIMUM         86    140 PM  98    1934  84      2       84
  MINIMUM         73    629 AM  50    2013  65      8       62
  AVERAGE         80                        75      5       73

PRECIPITATION (IN)
  TODAY            T             2.59 1982   0.16  -0.16     0.00
  MONTH TO DATE    0.02                      0.92  -0.90     0.00
  SINCE MAR 1     15.20                      6.51   8.69     2.00
  SINCE JAN 1     19.25                     11.11   8.14     3.66

SNOWFALL (IN)
  TODAY            0.0
  MONTH TO DATE    0.0
  SINCE MAR 1      0.0
  SINCE JUL 1      0.0
  SNOW DEPTH       0

DEGREE DAYS
 HEATING
  TODAY            0                         0      0        0
  MONTH TO DATE    0                         0      0        3
  SINCE MAR 1    140                       155    -15      240
  SINCE JUL 1   1220                      1248    -28     1493

 COOLING
  TODAY           15                        10      5        8
  MONTH TO DATE   51                        56     -5       34
  SINCE MAR 1    343                       307     36      289
  SINCE JAN 1    358                       345     13      347
..................................................................


WIND (MPH)
  HIGHEST WIND SPEED    22   HIGHEST WIND DIRECTION    SE (140)
  HIGHEST GUST SPEED    28   HIGHEST GUST DIRECTION    SE (150)


SKY COVER
  POSSIBLE SUNSHINE  MM
  AVERAGE SKY COVER 0.7


WEATHER CONDITIONS
 THE FOLLOWING WEATHER WAS RECORDED TODAY.
  LIGHT RAIN


RELATIVE HUMIDITY (PERCENT)
 HIGHEST    93           400 AM
 LOWEST     61           100 PM
 AVERAGE    77

..........................................................


THE VICTORIA CLIMATE NORMALS FOR TOMORROW
                         NORMAL    RECORD    YEAR
 MAXIMUM TEMPERATURE (F)   85        96      1933
 MINIMUM TEMPERATURE (F)   65        49      1917


SUNRISE AND SUNSET
MAY  6 2015...........SUNRISE   643 AM CDT   SUNSET   806 PM CDT
MAY  7 2015...........SUNRISE   642 AM CDT   SUNSET   807 PM CDT


-  INDICATES NEGATIVE NUMBERS.
R  INDICATES RECORD WAS SET OR TIED.
MM INDICATES DATA IS MISSING.
T  INDICATES TRACE AMOUNT.




$$
