000
CDUS43 KSGF 190628
CLIVIH


CLIMATE REPORT
NATIONAL WEATHER SERVICE SPRINGFIELD MO
128 AM CDT SUN APR 19 2015


...................................

...THE VICHY-ROLLA MO CLIMATE SUMMARY FOR APRIL 18 2015...

CLIMATE NORMAL PERIOD 1981 TO 2010
CLIMATE RECORD PERIOD 1888 TO 2015


WEATHER ITEM   OBSERVED TIME   RECORD YEAR NORMAL DEPARTURE LAST
                VALUE   (LST)  VALUE       VALUE  FROM      YEAR
                                                  NORMAL
..................................................................
TEMPERATURE (F)
 YESTERDAY
  MAXIMUM         75    259 PM  88    2006  68      7       71
                                      1899
  MINIMUM         57   1159 PM  25    1953  45     12       39
  AVERAGE         66                        56     10       55

PRECIPITATION (IN)
  YESTERDAY        T             1.54 2013   0.14  -0.14     0.00
  MONTH TO DATE    1.44                      2.42  -0.98     2.14
  SINCE MAR 1      4.46                      5.87  -1.41     2.85
  SINCE JAN 1      6.74                      9.97  -3.23     4.31

DEGREE DAYS
 HEATING
  YESTERDAY        0                        10    -10       10
  MONTH TO DATE   99                       219   -120      235
  SINCE MAR 1    711                       833   -122      986
  SINCE JUL 1   4828                      4623    205     5292

 COOLING
  YESTERDAY        1                         1      0        0
  MONTH TO DATE   13                        12      1        7
  SINCE MAR 1     13                        16     -3        7
  SINCE JAN 1     13                        16     -3        7
..................................................................


WIND (MPH)
  HIGHEST WIND SPEED    20   HIGHEST WIND DIRECTION     W (290)
  HIGHEST GUST SPEED    23   HIGHEST GUST DIRECTION     S (170)
  AVERAGE WIND SPEED     8.3


SKY COVER
  AVERAGE SKY COVER 0.3


WEATHER CONDITIONS
 THE FOLLOWING WEATHER WAS RECORDED YESTERDAY.
  THUNDERSTORM
  LIGHT RAIN
  FOG
  FOG W/VISIBILITY <= 1/4 MILE


RELATIVE HUMIDITY (PERCENT)
 HIGHEST   100           700 AM
 LOWEST     53           300 PM
 AVERAGE    77

..........................................................


THE VICHY-ROLLA MO CLIMATE NORMALS FOR TODAY
                         NORMAL    RECORD    YEAR
 MAXIMUM TEMPERATURE (F)   68        86      2011
                                             1966
 MINIMUM TEMPERATURE (F)   45        27      1953


SUNRISE AND SUNSET
APRIL 19 2015.........SUNRISE   626 AM CDT   SUNSET   747 PM CDT
APRIL 20 2015.........SUNRISE   625 AM CDT   SUNSET   748 PM CDT


-  INDICATES NEGATIVE NUMBERS.
R  INDICATES RECORD WAS SET OR TIED.
MM INDICATES DATA IS MISSING.
T  INDICATES TRACE AMOUNT.




$$
