000
CDUS43 KLOT 300636
CLIVPZ


CLIMATE REPORT
NATIONAL WEATHER SERVICE CHICAGO IL
136 AM CDT MON MAR 30 2015


...................................

...THE VALPARAISO CLIMATE SUMMARY FOR MARCH 29 2015...

CLIMATE NORMAL PERIOD 1981 TO 2010
CLIMATE RECORD PERIOD 1998 TO 2015


WEATHER ITEM   OBSERVED TIME   RECORD YEAR NORMAL DEPARTURE LAST
                VALUE   (LST)  VALUE       VALUE  FROM      YEAR
                                                  NORMAL
..................................................................
TEMPERATURE (F)
 YESTERDAY
  MAXIMUM         47    829 PM  82    1986  52     -5       37
  MINIMUM         22    208 AM  13    1915  33    -11       26
  AVERAGE         35                        43     -8       32

PRECIPITATION (IN)
  YESTERDAY        0.01          0.94 1973   0.09  -0.08     0.00
  MONTH TO DATE    0.62                      2.30  -1.68     0.79
  SINCE MAR 1      0.62                      2.30  -1.68     0.79
  SINCE JAN 1      2.23                      5.47  -3.24     3.42

DEGREE DAYS
 HEATING
  YESTERDAY       30                        22      8       33
  MONTH TO DATE  923                       801    122      959
  SINCE MAR 1    923                       801    122      959
  SINCE JUL 1   6181                      5533    648     6408

 COOLING
  YESTERDAY        0                         0      0        0
  MONTH TO DATE    0                         0      0        0
  SINCE MAR 1      0                         0      0        0
  SINCE JAN 1      0                         0      0        0
..................................................................


WIND (MPH)
  RESULTANT WIND SPEED  10   RESULTANT WIND DIRECTION   S (200)
  HIGHEST WIND SPEED    25   HIGHEST WIND DIRECTION     W (270)
  HIGHEST GUST SPEED    35   HIGHEST GUST DIRECTION     S (190)
  AVERAGE WIND SPEED    12.9



WEATHER CONDITIONS
 THE FOLLOWING WEATHER WAS RECORDED YESTERDAY.
  LIGHT RAIN


..........................................................


THE VALPARAISO CLIMATE NORMALS FOR TODAY
                         NORMAL    RECORD    YEAR
 MAXIMUM TEMPERATURE (F)   53        81      1986
 MINIMUM TEMPERATURE (F)   33        14      1969
                                             1954
                                             1915


SUNRISE AND SUNSET
MARCH 30 2015.........SUNRISE   635 AM CDT   SUNSET   711 PM CDT
MARCH 31 2015.........SUNRISE   633 AM CDT   SUNSET   712 PM CDT


-  INDICATES NEGATIVE NUMBERS.
R  INDICATES RECORD WAS SET OR TIED.
MM INDICATES DATA IS MISSING.
T  INDICATES TRACE AMOUNT.




$$
