000
CDUS41 KBTV 070541
CLIVSF


CLIMATE REPORT
NATIONAL WEATHER SERVICE BURLINGTON VT
140 AM EDT THU MAY 7 2015


...................................

...THE SPRINGFIELD VT CLIMATE SUMMARY FOR MAY 6 2015...

CLIMATE NORMAL PERIOD 1981 TO 2010
CLIMATE RECORD PERIOD 9999 TO 9999


WEATHER ITEM   OBSERVED TIME   NORMAL DEPARTURE LAST
                VALUE   (LST)  VALUE  FROM      YEAR
                                      NORMAL
......................................................
TEMPERATURE (F)
 YESTERDAY
  MAXIMUM         78    347 PM  65     13       60
  MINIMUM         37    510 AM  40     -3       34
  AVERAGE         58            52      6       47

PRECIPITATION (IN)
  YESTERDAY        0.00          0.10  -0.10      T
  MONTH TO DATE    T             0.61  -0.61     0.38
  SINCE MAR 1      3.09          7.53  -4.44     6.10
  SINCE JAN 1      7.24         13.14  -5.90     9.79

DEGREE DAYS
 HEATING
  YESTERDAY        7            13     -6       18
  MONTH TO DATE   48            81    -33       96
  SINCE MAR 1   1907          1742    165     2013
  SINCE JUL 1   7459          7187    272     7724

 COOLING
  YESTERDAY        0             0      0        0
  MONTH TO DATE    0             0      0        0
  SINCE MAR 1      0             2     -2        0
  SINCE JAN 1      0             2     -2        0
......................................................


WIND (MPH)
  HIGHEST WIND SPEED    13   HIGHEST WIND DIRECTION    NW (300)
  HIGHEST GUST SPEED    21   HIGHEST GUST DIRECTION     W (280)
  AVERAGE WIND SPEED     3.2


SKY COVER
  AVERAGE SKY COVER 0.0


WEATHER CONDITIONS
 THE FOLLOWING WEATHER WAS RECORDED YESTERDAY.
  NO SIGNIFICANT WEATHER WAS OBSERVED.


RELATIVE HUMIDITY (PERCENT)
 HIGHEST    92           400 AM
 LOWEST     13           400 PM
 AVERAGE    53

..........................................................


THE SPRINGFIELD VT CLIMATE NORMALS FOR TODAY
                         NORMAL    RECORD    YEAR
 MAXIMUM TEMPERATURE (F)   65        88      2000
 MINIMUM TEMPERATURE (F)   40        29      2007


SUNRISE AND SUNSET
MAY  7 2015...........SUNRISE   536 AM EDT   SUNSET   758 PM EDT
MAY  8 2015...........SUNRISE   534 AM EDT   SUNSET   759 PM EDT


-  INDICATES NEGATIVE NUMBERS.
R  INDICATES RECORD WAS SET OR TIED.
MM INDICATES DATA IS MISSING.
T  INDICATES TRACE AMOUNT.




$$
