000
CDUS43 KLBF 190940
CLIVTN

CLIMATE REPORT
NATIONAL WEATHER SERVICE NORTH PLATTE
439 AM CDT SUN APR 19 2015


...................................

...THE VALENTINE NE CLIMATE SUMMARY FOR APRIL 18 2015...

CLIMATE NORMAL PERIOD 1981 TO 2010
CLIMATE RECORD PERIOD 1885 TO 2015


WEATHER ITEM   OBSERVED TIME   RECORD YEAR NORMAL DEPARTURE LAST
                VALUE   (LST)  VALUE       VALUE  FROM      YEAR
                                                  NORMAL
..................................................................
TEMPERATURE (F)
 YESTERDAY
  MAXIMUM         67    449 PM  92    1985  61      6       76
  MINIMUM         49   1159 PM  15    1988  34     15       41
  AVERAGE         58                        48     10       59

PRECIPITATION (IN)
  YESTERDAY        0.65          1.60 1920   0.08   0.57     0.00
  MONTH TO DATE    1.59                      1.17   0.42     0.44
  SINCE MAR 1      1.62                      2.24  -0.62     0.93
  SINCE JAN 1      2.24                      2.98  -0.74     1.59

SNOWFALL (IN)
  YESTERDAY        0.0          16.0  1920   0.1   -0.1      0.0
  MONTH TO DATE    0.3                       3.2   -2.9      3.3
  SINCE MAR 1      0.8                       9.7   -8.9      8.3
  SINCE JUL 1     22.5                      31.8   -9.3     34.8
  SNOW DEPTH       0

DEGREE DAYS
 HEATING
  YESTERDAY        7                        18    -11        6
  MONTH TO DATE  280                       373    -93      381
  SINCE MAR 1    967                      1266   -299     1350
  SINCE JUL 1   6093                      6502   -409     6828

 COOLING
  YESTERDAY        0                         0      0        0
  MONTH TO DATE    0                         0      0        0
  SINCE MAR 1      2                         0      2        0
  SINCE JAN 1      2                         0      2        0
..................................................................


WIND (MPH)
  HIGHEST WIND SPEED    21   HIGHEST WIND DIRECTION    SW (220)
  HIGHEST GUST SPEED    25   HIGHEST GUST DIRECTION    SW (220)
  AVERAGE WIND SPEED     8.7


SKY COVER
  POSSIBLE SUNSHINE  MM
  AVERAGE SKY COVER 0.8


WEATHER CONDITIONS
 THE FOLLOWING WEATHER WAS RECORDED YESTERDAY.
  HEAVY RAIN
  RAIN
  LIGHT RAIN
  FOG


RELATIVE HUMIDITY (PERCENT)
 HIGHEST   100           700 AM
 LOWEST     45           500 PM
 AVERAGE    73

..........................................................


THE VALENTINE NE CLIMATE NORMALS FOR TODAY
                         NORMAL    RECORD    YEAR
 MAXIMUM TEMPERATURE (F)   62        89      1961
 MINIMUM TEMPERATURE (F)   34        10      1966


SUNRISE AND SUNSET
APRIL 19 2015.........SUNRISE   655 AM CDT   SUNSET   829 PM CDT
APRIL 20 2015.........SUNRISE   653 AM CDT   SUNSET   830 PM CDT


-  INDICATES NEGATIVE NUMBERS.
R  INDICATES RECORD WAS SET OR TIED.
MM INDICATES DATA IS MISSING.
T  INDICATES TRACE AMOUNT.

$$
