000
CDUS46 KPQR 041145
CLIVUO


CLIMATE REPORT
NATIONAL WEATHER SERVICE PORTLAND OREGON
444 AM PDT MON MAY 4 2015


...................................

...THE VANCOUVER WA CLIMATE SUMMARY FOR MAY 3 2015...

CLIMATE NORMAL PERIOD 1981 TO 2010
CLIMATE RECORD PERIOD 1891 TO 2015


WEATHER ITEM   OBSERVED TIME   RECORD YEAR NORMAL DEPARTURE LAST
                VALUE   (LST)  VALUE       VALUE  FROM      YEAR
                                                  NORMAL
..................................................................
TEMPERATURE (F)
 YESTERDAY
  MAXIMUM         76    441 PM  87    1992  65     11       61
  MINIMUM         40    511 AM  34    1980  45     -5       51
  AVERAGE         58                        55      3       56

PRECIPITATION (IN)
  YESTERDAY        0.00                      0.09  -0.09     0.41
  MONTH TO DATE    0.00                      0.27  -0.27     0.41
  SINCE OCT 1     28.88                     32.13  -3.25    22.43
  SINCE JAN 1     13.99                     16.38  -2.39    16.96

DEGREE DAYS
 HEATING
  YESTERDAY        7                                         9
  MONTH TO DATE   17                                        12
  SINCE JUL 1   3507                                      4358

 COOLING
  YESTERDAY        0                                         0
  MONTH TO DATE    0                                         3
  SINCE JAN 1      0                                         3
..................................................................


WIND (MPH)
  HIGHEST WIND SPEED    12   HIGHEST WIND DIRECTION    NW (310)
  HIGHEST GUST SPEED    16   HIGHEST GUST DIRECTION    NW (310)
  AVERAGE WIND SPEED     3.9


SKY COVER
  POSSIBLE SUNSHINE  MM
  AVERAGE SKY COVER 0.0


WEATHER CONDITIONS
 THE FOLLOWING WEATHER WAS RECORDED YESTERDAY.
  NO SIGNIFICANT WEATHER WAS OBSERVED.


RELATIVE HUMIDITY (PERCENT)
 HIGHEST    89           600 AM
 LOWEST     23           400 PM
 AVERAGE    56

..........................................................




SUNRISE AND SUNSET
MAY  4 2015...........SUNRISE   554 AM PDT   SUNSET   821 PM PDT
MAY  5 2015...........SUNRISE   553 AM PDT   SUNSET   823 PM PDT


-  INDICATES NEGATIVE NUMBERS.
R  INDICATES RECORD WAS SET OR TIED.
MM INDICATES DATA IS MISSING.
T  INDICATES TRACE AMOUNT.




$$
