000
CDUS41 KAKQ 190543
CLIWAL


CLIMATE REPORT
NATIONAL WEATHER SERVICE WAKEFIELD, VA
142 AM EDT SUN APR 19 2015


...................................

...THE WALLOPS ISLAND VA CLIMATE SUMMARY FOR APRIL 18 2015...

CLIMATE NORMAL PERIOD 1981 TO 2010
CLIMATE RECORD PERIOD 1963 TO 2015


WEATHER ITEM   OBSERVED TIME   RECORD YEAR NORMAL DEPARTURE
                VALUE   (LST)  VALUE       VALUE  FROM
                                                  NORMAL
...............................................................
TEMPERATURE (F)
 YESTERDAY
  MAXIMUM         73    927 AM  88    2002  64      9
  MINIMUM         54   1159 PM  33    1983  46      8
  AVERAGE         64                        55      9

PRECIPITATION (IN)
  YESTERDAY        0.00          0.93        0.10  -0.10
  MONTH TO DATE    2.10                      1.98   0.12
  SINCE MAR 1      5.48                      5.98  -0.50
  SINCE JAN 1     13.27                     11.78   1.49

SNOWFALL (IN)
  YESTERDAY        0.0           0.0    MM   0.0    0.0
  MONTH TO DATE    0.0                       0.1   -0.1
  SINCE NOV 1     11.3                       7.9    3.4
  SINCE JUL 1     11.3                       7.9    3.4

DEGREE DAYS
 HEATING
  YESTERDAY        1                              -10
  MONTH TO DATE  194                              -42
  SINCE MAR 1    895                               40
  SINCE JUL 1   4225                              290

 COOLING
  YESTERDAY        0                                0
  MONTH TO DATE    0                                0
  SINCE MAR 1      0                               -1
  SINCE JAN 1      0                               -1
...............................................................


WIND (MPH)
  HIGHEST WIND SPEED    21   HIGHEST WIND DIRECTION    NE (60)
  HIGHEST GUST SPEED    24   HIGHEST GUST DIRECTION    NE (40)
  AVERAGE WIND SPEED     6.0




RELATIVE HUMIDITY (PERCENT)
 HIGHEST   100
 LOWEST     57
 AVERAGE    79

..........................................................


THE WALLOPS ISLAND VA CLIMATE NORMALS FOR TODAY
                         NORMAL    RECORD    YEAR
 MAXIMUM TEMPERATURE (F)   64        88      1985
 MINIMUM TEMPERATURE (F)   46        32      1990


SUNRISE AND SUNSET
APRIL 19 2015.........SUNRISE   621 AM EDT   SUNSET   741 PM EDT
APRIL 20 2015.........SUNRISE   620 AM EDT   SUNSET   742 PM EDT


-  INDICATES NEGATIVE NUMBERS.
R  INDICATES RECORD WAS SET OR TIED.
MM INDICATES DATA IS MISSING.
T  INDICATES TRACE AMOUNT.




$$
