000
CDUS45 KLKN 060939
CLIWMC


CLIMATE REPORT
NATIONAL WEATHER SERVICE ELKO NV
238 AM PDT WED MAY 6 2015


...................................

...THE WINNEMUCCA AIRPORT NV CLIMATE SUMMARY FOR MAY 5 2015...

CLIMATE NORMAL PERIOD 1981 TO 2010
CLIMATE RECORD PERIOD 1877 TO 2015


WEATHER ITEM   OBSERVED TIME   RECORD YEAR NORMAL DEPARTURE LAST
                VALUE   (LST)  VALUE       VALUE  FROM      YEAR
                                                  NORMAL
..................................................................
TEMPERATURE (F)
 YESTERDAY
  MAXIMUM         75    314 PM  90    1992  69      6       66
                                      1947
  MINIMUM         44    509 AM  16    1961  35      9       41
  AVERAGE         60                        52      8       54

PRECIPITATION (IN)
  YESTERDAY        0.00          0.40 1896   0.04  -0.04     0.10
  MONTH TO DATE    0.00                      0.19  -0.19     0.10
  SINCE OCT 1      5.74                      5.92  -0.18     5.94
  SINCE JAN 1      3.17                      3.44  -0.27     3.28

SNOWFALL (IN)
  YESTERDAY        0.0           2.5  1896   0.0    0.0      0.0
  MONTH TO DATE    0.0                       0.0    0.0      0.0
  SINCE MAR 1      2.4                       4.8   -2.4      1.9
  SINCE JUL 1      5.3                      20.8  -15.5     23.4
  SNOW DEPTH       0

DEGREE DAYS
 HEATING
  YESTERDAY        5                        13     -8       11
  MONTH TO DATE   29                        68    -39       39
  SINCE MAR 1   1204                      1359   -155     1267
  SINCE JUL 1   4986                      5948   -962     5926

 COOLING
  YESTERDAY        0                         0      0        0
  MONTH TO DATE    0                         0      0        0
  SINCE MAR 1      0                         0      0        0
  SINCE JAN 1      0                         0      0        0
..................................................................


WIND (MPH)
  HIGHEST WIND SPEED    21   HIGHEST WIND DIRECTION     W (280)
  HIGHEST GUST SPEED    27   HIGHEST GUST DIRECTION     W (280)
  AVERAGE WIND SPEED     9.4



WEATHER CONDITIONS
 THE FOLLOWING WEATHER WAS RECORDED YESTERDAY.
  NO SIGNIFICANT WEATHER WAS OBSERVED.


RELATIVE HUMIDITY (PERCENT)
 HIGHEST    MM
 LOWEST     MM
 AVERAGE    MM

..........................................................


THE WINNEMUCCA AIRPORT NV CLIMATE NORMALS FOR TODAY
                         NORMAL    RECORD    YEAR
 MAXIMUM TEMPERATURE (F)   69        91      1992
 MINIMUM TEMPERATURE (F)   36        13      1965


SUNRISE AND SUNSET
MAY  6 2015...........SUNRISE   544 AM PDT   SUNSET   753 PM PDT
MAY  7 2015...........SUNRISE   542 AM PDT   SUNSET   754 PM PDT


-  INDICATES NEGATIVE NUMBERS.
R  INDICATES RECORD WAS SET OR TIED.
MM INDICATES DATA IS MISSING.
T  INDICATES TRACE AMOUNT.




$$
