000
CXUS53 KTOP 011434
CLMCNK


CLIMATE REPORT
NATIONAL WEATHER SERVICE TOPEKA KS
928 AM CDT FRI MAY 1 2015

...................................

...THE CONCORDIA KS CLIMATE SUMMARY FOR THE MONTH OF APRIL 2015...

CLIMATE NORMAL PERIOD 1981 TO 2010
CLIMATE RECORD PERIOD 1885 TO 2015

WEATHER         OBSERVED          NORMAL  DEPART  LAST YEAR`S
                 VALUE   DATE(S)  VALUE   FROM    VALUE
                                          NORMAL
.............................................................
TEMPERATURE (F)
RECORD
 HIGH             100   04/20/1902
 LOW               14   04/03/1975
                        04/03/1936
HIGHEST            84   04/01        69      15       88
LOWEST             34   04/10        36      -2       22
                        04/04
AVG. MAXIMUM     66.8              65.0     1.8     66.8
AVG. MINIMUM     43.7              41.2     2.5     41.2
MEAN             55.2              53.1     2.1     54.0
DAYS MAX >= 90      0               0.4    -0.4        0
DAYS MAX <= 32      0               0.0     0.0        0
DAYS MIN <= 32      0               4.4    -4.4        5
DAYS MIN <= 0       0               0.0     0.0        0

PRECIPITATION (INCHES)
RECORD
 MAXIMUM         5.98   1984
 MINIMUM         0.37   1989
TOTALS           2.23              2.45   -0.22     1.29
DAILY AVG.       0.07              0.08   -0.01     0.04
DAYS >= .01         7               8.8    -1.8       10
DAYS >= .10         4               4.9    -0.9        5
DAYS >= .50         2               1.8     0.2        0
DAYS >= 1.00        1               0.5     0.5        0
GREATEST
 24 HR. TOTAL    1.16   04/24 TO 04/25              0.42

SNOWFALL (INCHES)
RECORDS
 TOTAL            7.8   1997
TOTALS            0.0               0.5    -0.5        T
SINCE 7/1        11.7              20.2    -8.5     23.2
SNOWDEPTH AVG.      0                                  0
DAYS >= 1.0         0               0.2    -0.2        0
GREATEST
 SNOW DEPTH         0   MM                             0
 24 HR TOTAL      0.0   04/30 TO 04/30                 T

DEGREE_DAYS
HEATING TOTAL     289               373     -84      349
 SINCE 7/1       5043              5264    -221     5627
COOLING TOTAL       4                16     -12       25
 SINCE 1/1          8                17      -9       25
..............................................................

WIND (MPH)
AVERAGE WIND SPEED              11.4
HIGHEST WIND SPEED/DIRECTION    32/310    DATE  04/12
HIGHEST GUST SPEED/DIRECTION    44/310    DATE  04/12

SKY COVER
POSSIBLE SUNSHINE (PERCENT)   MM
AVERAGE SKY COVER           0.40
NUMBER OF DAYS FAIR           16
NUMBER OF DAYS PC              6
NUMBER OF DAYS CLOUDY          8

AVERAGE RH (PERCENT)     64

WEATHER CONDITIONS. NUMBER OF DAYS WITH
THUNDERSTORM              8     MIXED PRECIP               0
HEAVY RAIN                2     RAIN                       4
LIGHT RAIN               11     FREEZING RAIN              0
LT FREEZING RAIN          0     HEAVY SNOW                 0
SNOW                      0     LIGHT SNOW                 0
FOG                      13     FOG W/VIS <= 1/4 MILE      2
HAZE                      4

-  INDICATES NEGATIVE NUMBERS.
R  INDICATES RECORD WAS SET OR TIED.
MM INDICATES DATA IS MISSING.
T  INDICATES TRACE AMOUNT.

$$
