000
CXUS51 KGYX 181625 CCA
CLMCON

CLIMATE REPORT
NATIONAL WEATHER SERVICE GRAY ME
1122 AM EST TUE MAR 3 2015

...................................

...THE CONCORD NH CLIMATE SUMMARY FOR THE SEASON, FROM
12/1/2014 TO 2/28/2015...

CLIMATE NORMAL PERIOD 1981 TO 2010
CLIMATE RECORD PERIOD 1868 TO 2015

WEATHER         OBSERVED          NORMAL  DEPART  LAST YEAR`S
                 VALUE   DATE(S)  VALUE   FROM    VALUE  DATE(S)
                                          NORMAL
................................................................
TEMPERATURE (F)
RECORD
 HIGH              73   12/07/1998
 LOW              -37   02/16/1943
HIGHEST            53   12/01        60      -7       50  01/06
LOWEST            -21   02/24       -15      -6      -17  01/04
AVG. MAXIMUM     30.3              34.0    -3.7     30.8
AVG. MINIMUM     10.9              13.8    -2.9     10.8
MEAN             20.6              23.9    -3.3     20.8
DAYS MAX >= 90      0               0.0     0.0        0
DAYS MAX <= 32     51              39.8    11.2       50
DAYS MIN <= 32     83              85.8    -2.8       86
DAYS MIN <= 0      22              14.2     7.8       22

PRECIPITATION (INCHES)
RECORD
 MAXIMUM        16.68   2008
 MINIMUM         3.14   1980
TOTALS          11.22              8.52    2.70    10.71
DAILY AVG.       0.13              0.09    0.04     0.12
DAYS >= .01        41              31.3     9.7       42
DAYS >= .10        25              18.0     7.0       21
DAYS >= .50         8               6.0     2.0        9
DAYS >= 1.00        1               1.8    -0.8        2
GREATEST
 24 HR. TOTAL    1.20   01/03 TO 01/04

SNOWFALL (INCHES)
RECORDS
 TOTAL          102.0   2008
TOTALS           71.4              44.9    26.5     69.6
SINCE 7/1        84.3              47.5    36.8     69.8
SNOWDEPTH AVG.     10
DAYS >= TRACE      40              21.6    18.4       40
DAYS >= 1.0        15              11.5     3.5       15
GREATEST
 SNOW DEPTH        29   02/16
                        02/15
 24 HR TOTAL     12.8   01/27 TO 01/27

DEGREE_DAYS
HEATING TOTAL    3950              3700     250     3952
 SINCE 7/1         MM              5260      MM       MM
COOLING TOTAL       0                 0       0        0
 SINCE 1/1          0                 0       0        0
.................................................................

WIND (MPH)
AVERAGE WIND SPEED              6.8
HIGHEST WIND SPEED/DIRECTION    32/310    DATE  02/16
HIGHEST GUST SPEED/DIRECTION    47/320    DATE  02/15

SKY COVER
AVERAGE SKY COVER           0.50

AVERAGE RH (PERCENT)     68

WEATHER CONDITIONS. NUMBER OF DAYS WITH
THUNDERSTORM              0     HEAVY RAIN                 2
RAIN                      8     LIGHT RAIN                15
FREEZING RAIN             6     LT FREEZING RAIN           8
HEAVY SNOW                5     SNOW                      15
LIGHT SNOW               38     FOG                       47
FOG W/VIS <= 1/4 MILE     8     HAZE                      33

-  INDICATES NEGATIVE NUMBERS.
R  INDICATES RECORD WAS SET OR TIED.
MM INDICATES DATA IS MISSING.
T  INDICATES TRACE AMOUNT.

$$
