000
CXUS51 KOKX 011607
CLMEWR

CLIMATE REPORT
NATIONAL WEATHER SERVICE NEW YORK NY
1207 PM EDT WED APR 1 2015

...................................

...THE NEWARK NJ CLIMATE SUMMARY FOR THE MONTH OF MARCH 2015...

CLIMATE NORMAL PERIOD 1981 TO 2010
CLIMATE RECORD PERIOD 1929 TO 2015

WEATHER         OBSERVED          NORMAL  DEPART  LAST YEAR`S
                 VALUE   DATE(S)  VALUE   FROM    VALUE  DATE(S)
                                          NORMAL
................................................................
TEMPERATURE (F)
RECORD
 HIGH              89   03/29/1945
 LOW                6   03/04/1943
HIGHEST            64   03/26        MM      MM       67  03/11
LOWEST             11   03/07        MM      MM       12  03/04
AVG. MAXIMUM     46.3              50.7    -4.4     46.7
AVG. MINIMUM     29.1              33.6    -4.5     28.9
MEAN             37.7              42.1    -4.4     37.8
DAYS MAX >= 90      0               0.0     0.0        0
DAYS MAX <= 32      2               0.7     1.3        3
DAYS MIN <= 32     19              12.4     6.6       19
DAYS MIN <= 0       0               0.0     0.0        0

PRECIPITATION (INCHES)
RECORD
 MAXIMUM        11.14   1983
 MINIMUM         0.72   1910
TOTALS           4.63              4.18    0.45     3.65
DAILY AVG.       0.15              0.13    0.02     0.12
DAYS >= .01        13              11.0     2.0        7
DAYS >= .10        10               6.9     3.1        5
DAYS >= .50         4               2.7     1.3        2
DAYS >= 1.00        0               0.9    -0.9        1
GREATEST
 24 HR. TOTAL    0.87   03/05 TO 03/05           03/29 TO 03/29
                                                          03/03 TO 03/03
                                                          03/03 TO 03/03
 STORM TOTAL       MM                                 MM
 (MM/DD(HH))            MM                    03/29(00) TO 03/29(00)
                                                 03/03(00) TO 03/03(00)3
                                                 03/03(00) TO 03/03(00)3

SNOWFALL (INCHES)
TOTALS           16.3               4.6    11.7      0.2
 LIQUID EQUIV    1.63              0.50    1.13     0.02
SINCE 7/1        46.4              27.6    18.8     60.7
 LIQUID 7/1      4.64              2.80    1.84     6.07
SNOWDEPTH AVG.      2                MM      MM        0
DAYS >= TRACE       8               2.4     5.6        5
DAYS >= 1.0         4               1.3     2.7        0
GREATEST
 SNOW DEPTH         8   03/07                         -1  03/03
                        03/06
 24 HR TOTAL      6.7   MM                       03/03 TO 03/03
                                                          03/03 TO 03/03
                                                          03/03 TO 03/03
 STORM TOTAL       MM                                 MM
 (MM/DD(HH))            MM                    03/03(00) TO 03/03(00)
                                                 03/03(00) TO 03/03(00)3
                                                 03/03(00) TO 03/03(00)3

DEGREE_DAYS
HEATING TOTAL     839               709     130      834
 SINCE 7/1       4742              4344     398     4709
COOLING TOTAL       0                 1      -1        0
 SINCE 1/1          0                 1      -1        0
....................................................

WIND (MPH)
AVERAGE WIND SPEED              9.7
HIGHEST WIND SPEED/DIRECTION    37/320    DATE  03/17
HIGHEST GUST SPEED/DIRECTION    51/310    DATE  03/17


WEATHER CONDITIONS. NUMBER OF DAYS WITH
THUNDERSTORM              0     MIXED PRECIP               0
HEAVY RAIN                1     RAIN                       5
LIGHT RAIN               12     FREEZING RAIN              1
LT FREEZING RAIN          2     HAIL                       0
HEAVY SNOW                1     SNOW                       5
LIGHT SNOW                7     SLEET                      2
FOG                      14     FOG W/VIS <= 1/4 MILE      2
HAZE                      2

-  INDICATES NEGATIVE NUMBERS.
R  INDICATES RECORD WAS SET OR TIED.
MM INDICATES DATA IS MISSING.
T  INDICATES TRACE AMOUNT.

$$
