000
CXUS52 KJAX 011856
CLMJAX

MIACLMJAX 000
TTAA00 KJAX 011853


CLIMATE REPORT
NATIONAL WEATHER SERVICE JACKSONVILLE FL
153 PM EST SUN MAR 1 2015

...................................

...THE JACKSONVILLE CLIMATE SUMMARY FOR THE MONTH OF FEBRUARY 2015...

CLIMATE NORMAL PERIOD 1981 TO 2010
CLIMATE RECORD PERIOD 1871 TO 2015

WEATHER         OBSERVED          NORMAL  DEPART  LAST YEAR`S
                 VALUE   DATE(S)  VALUE   FROM    VALUE  DATE(S)
                                          NORMAL
................................................................
TEMPERATURE (F)
RECORD
 HIGH              88   02/26/1962
                        02/24/1962
                        02/09/1937
 LOW               10   02/13/1899
HIGHEST            79   02/22        67      12       84  02/20
                                                          02/03
LOWEST             24   02/20        44     -20       31  02/14
AVG. MAXIMUM     62.7              68.2    -5.5     68.4
AVG. MINIMUM     40.0              44.7    -4.7     46.3
MEAN             51.4              56.4    -5.0     57.3
DAYS MAX >= 90      0               0.0     0.0        0
DAYS MAX <= 32      0               0.0     0.0        0
DAYS MIN <= 32      6               3.1     2.9        1
DAYS MIN <= 0       0               0.0     0.0        0

PRECIPITATION (INCHES)
RECORD
 MAXIMUM        11.12   1998
 MINIMUM         0.13   1911
TOTALS           3.32              3.19    0.13     2.74
DAILY AVG.       0.12              0.11    0.01     0.10
DAYS >= .01         8               7.6     0.4       10
DAYS >= .10         7               4.9     2.1        6
DAYS >= .50         3               2.1     0.9        3
DAYS >= 1.00        0               1.0    -1.0        0
GREATEST
 24 HR. TOTAL    1.29

SNOWFALL (INCHES)
RECORDS
 TOTAL            1.9   1899
TOTALS            0.0               0.0     0.0      0.0
SINCE 7/1           T                 T     0.0      0.0
SNOWDEPTH AVG.      0                MM      MM        0
DAYS >= 1.0         0               0.0     0.0        0
GREATEST
 SNOW DEPTH         0   MM                             0  MM
 24 HR TOTAL      0.0

DEGREE_DAYS
HEATING TOTAL     374               257     117      228
 SINCE 7/1       1248              1133     115     1077
COOLING TOTAL       0                18     -18       21
 SINCE 1/1         13                29     -16       30
.................................................................

WIND (MPH)
AVERAGE WIND SPEED              7.9
HIGHEST WIND SPEED/DIRECTION    29/250    DATE  02/26
HIGHEST GUST SPEED/DIRECTION    37/290    DATE  02/02

SKY COVER
POSSIBLE SUNSHINE (PERCENT)   MM
AVERAGE SKY COVER           0.60
NUMBER OF DAYS FAIR           10
NUMBER OF DAYS PC              9
NUMBER OF DAYS CLOUDY          9

AVERAGE RH (PERCENT)     73

WEATHER CONDITIONS. NUMBER OF DAYS WITH
THUNDERSTORM              0     MIXED PRECIP               0
HEAVY RAIN                1     RAIN                       4
LIGHT RAIN                9     FREEZING RAIN              0
LT FREEZING RAIN          0     HAIL                       0
HEAVY SNOW                0     SNOW                       0
LIGHT SNOW                0     SLEET                      0
FOG                      13     FOG W/VIS <= 1/4 MILE      2
HAZE                      0

-  INDICATES NEGATIVE NUMBERS.
R  INDICATES RECORD WAS SET OR TIED.
MM INDICATES DATA IS MISSING.
T  INDICATES TRACE AMOUNT.

$$
