000
CXUS53 KMKX 021745
CLMMSN


CLIMATE REPORT
NATIONAL WEATHER SERVICE IN MILWAUKEE
1221 PM CDT THU APR 2 2015

...................................

...THE MADISON WI CLIMATE SUMMARY FOR THE MONTH OF MARCH 2015...

CLIMATE NORMAL PERIOD 1981 TO 2010
CLIMATE RECORD PERIOD 1871 TO 2015

WEATHER         OBSERVED          NORMAL  DEPART  LAST YEAR`S
                 VALUE   DATE(S)  VALUE   FROM    VALUE  DATE(S)
                                          NORMAL
................................................................
TEMPERATURE (F)
RECORD
 HIGH              83   03/21/2012
 LOW              -29   03/01/1962
HIGHEST            74   03/16        63      11       65  03/31
LOWEST             -5   03/05         3      -8       -8  03/03
AVG. MAXIMUM     45.8              43.1     2.7     37.3
AVG. MINIMUM     23.4              24.8    -1.4     18.2
MEAN             34.6              34.0     0.6     27.7
DAYS MAX >= 90      0               0.0     0.0        0
DAYS MAX <= 32      6               4.9     1.1        9
DAYS MIN <= 32     26              24.0     2.0       25
DAYS MIN <= 0       1               0.4     0.6        4

PRECIPITATION (INCHES)
RECORD
 MAXIMUM         6.19   2009
 MINIMUM         0.14   1910
TOTALS           0.76              2.20   -1.44     1.26
DAILY AVG.       0.02              0.07   -0.05     0.04
DAYS >= .01         5              10.5    -5.5       10
DAYS >= .10         4               5.0    -1.0        5
DAYS >= .50         0               1.3    -1.3        0
DAYS >= 1.00        0               0.3    -0.3        0
GREATEST
 24 HR. TOTAL    0.20   03/25 TO 03/25              0.44
                        03/23 TO 03/23

SNOWFALL (INCHES)
RECORDS
 TOTAL           28.4   1923
TOTALS            4.2               7.0    -2.8      8.2
SINCE 7/1        33.7              48.1   -14.4     58.2
SNOWDEPTH AVG.      2                 3      -1        3
DAYS >= 1.0         1               2.0    -1.0        4
GREATEST
 SNOW DEPTH         6   03/07                         11  03/05
                        03/06
                        03/05
 24 HR TOTAL      3.0   03/23 TO 03/23               2.6

DEGREE_DAYS
HEATING TOTAL     935               963     -28     1148
 SINCE 7/1       6646              6449     197     7260
COOLING TOTAL       0                 0       0        0
 SINCE 1/1          0                 0       0        0
.................................................................

WIND (MPH)
AVERAGE WIND SPEED              7.2
HIGHEST WIND SPEED/DIRECTION    25/200    DATE  03/29
HIGHEST GUST SPEED/DIRECTION    34/190    DATE  03/29

SKY COVER
POSSIBLE SUNSHINE (PERCENT)   MM
AVERAGE SKY COVER           0.50
NUMBER OF DAYS FAIR           10
NUMBER OF DAYS PC             16
NUMBER OF DAYS CLOUDY          5

AVERAGE RH (PERCENT)     59

WEATHER CONDITIONS. NUMBER OF DAYS WITH
THUNDERSTORM              0     MIXED PRECIP               0
HEAVY RAIN                0     RAIN                       0
LIGHT RAIN                3     FREEZING RAIN              1
LT FREEZING RAIN          5     HAIL                       0
HEAVY SNOW                0     SNOW                       1
LIGHT SNOW                5     SLEET                      2
FOG                      11     FOG W/VIS <= 1/4 MILE      2
HAZE                      5

-  INDICATES NEGATIVE NUMBERS.
R  INDICATES RECORD WAS SET OR TIED.
MM INDICATES DATA IS MISSING.
T  INDICATES TRACE AMOUNT.

$$
