000
CDAK48 PAKN 111001
CLIAKN

CLIMATE REPORT
NATIONAL WEATHER SERVICE KING SALMON, AK
201 AM AKDT SAT APR 11 2015

...................................
...THE KING SALMON AP CLIMATE SUMMARY FOR APRIL 10 2015...

CLIMATE NORMAL PERIOD  1981 TO  2010
CLIMATE RECORD PERIOD  1917 TO  2015

WEATHER ITEM   OBSERVED TIME    RECORD YEAR NORMAL DEPARTURE LAST
               VALUE    (LST)   VALUE       VALUE  FROM      YEAR
                                                   NORMAL
...................................................................
TEMPERATURE
YESTERDAY
 MAXIMUM            38  0237 PM    54  1981     40      -2     44
 MINIMUM            27  1159 PM    -7  1985     23       4      9
 AVERAGE            33                          32       1     27

PRECIPITATION
(INCHES)
 YESTERDAY        0.13           0.45  1967   0.03    0.10   0.00
 MONTH TO DATE    1.76                        0.30    1.46   0.22
 SINCE MAR 1      2.71                        1.00    1.71   0.98
 SINCE JAN 1      3.50                        2.78    0.72   2.79

SNOWFALL
(INCHES)
 YESTERDAY         0.8            7.2  1999    0.1     0.7    0.0
 MONTH TO DATE    10.3                         1.8     8.5    0.5
 SINCE MAR 1      10.6                         8.2     2.4    9.3
 SINCE JUL 1      24.3                        43.7   -19.4   36.0
 SNOW DEPTH (IN)     4                                          0

DEGREE DAYS
 HEATING
  YESTERDAY         32                          34      -2     38
  MONTH TO DATE    303                         352     -49    323
  SINCE MAR 1     1366                        1617    -251   1572
  SINCE JUL 1     7563                        9235   -1672   7932

 COOLING
  YESTERDAY          0                           0       0      0
  MONTH TO DATE      0                           0       0      0
  SINCE MAR 1        0                           0       0      0
  SINCE JAN 1        0                           0       0      0
...................................................................

WIND (MPH)
 HIGHEST WIND SPEED    29     HIGHEST WIND DIRECTION    270
 HIGHEST GUST SPEED    36     HIGHEST GUST DIRECTION    260
 AVERAGE WIND SPEED  17.1

SKY COVER
  POSSIBLE SUNSHINE    MM          AVERAGE SKY COVER     MM

WEATHER CONDITIONS
 THE FOLLOWING WEATHER WAS RECORDED YESTERDAY.
  FOG
RAIN
SNOW


RELATIVE HUMIDITY
 HIGHEST RH     MM PERCENT       MM
 LOWEST  RH     MM PERCENT       MM
 AVERAGE RH     MM PERCENT       MM
...................................................................

THE KING SALMON CLIMATE NORMALS FOR TODAY
                           NORMAL    RECORD   YEAR
 MAXIMUM TEMPERATURE (F)     40        57     1997
 MINIMUM TEMPERATURE (F)     23       -11     1985

SUNRISE AND SUNSET
 APR 11 2015..........SUNRISE  7:26 AM      SUNSET  9:32 PM
 APR 12 2015..........SUNRISE  7:23 AM      SUNSET  9:34 PM

-  INDICATES NEGATIVE NUMBERS.
R  INDICATES RECORD HAS BEEN SET OR TIED.
MM INDICATES DATA IS MISSING.
T  INDICATES TRACE OF PRECIPITATION.

&&
-------------------------------------------------------------------

AMOUNT OF DAYLIGHT TODAY  (HOUR:MIN)........14 HOURS 6 MINUTES
GAIN/LOSS SINCE YESTERDAY (HOUR:MIN:SEC)....+0:05:08

$$
FS APR 15
