000
CDUS43 KLOT 242140
CLIORD


CLIMATE REPORT
NATIONAL WEATHER SERVICE CHICAGO IL
438 PM CDT FRI APR 24 2015


...................................

...THE CHICAGO-OHARE IL CLIMATE SUMMARY FOR APRIL 24 2015...
VALID TODAY AS OF 0400 PM LOCAL TIME.

CLIMATE NORMAL PERIOD 1981 TO 2010
CLIMATE RECORD PERIOD 1871 TO 2015


WEATHER ITEM   OBSERVED TIME   RECORD YEAR NORMAL DEPARTURE LAST
                VALUE   (LST)  VALUE       VALUE  FROM      YEAR
                                                  NORMAL
..................................................................
TEMPERATURE (F)
 TODAY
  MAXIMUM         57   1006 AM  87    1990  63     -6       64
                                      1915
  MINIMUM         29R   423 AM  29    1910  42    -13       39
  AVERAGE         43                        52     -9       52

PRECIPITATION (IN)
  TODAY            0.00          2.05 1976   0.11  -0.11     0.06
  MONTH TO DATE    2.55                      2.66  -0.11     1.36
  SINCE MAR 1      3.65                      5.16  -1.51     3.07
  SINCE JAN 1      6.51                      8.68  -2.17     8.37

SNOWFALL (IN)
  TODAY            0.0           0.9  1910   0.0    0.0      0.0
  MONTH TO DATE    T                         1.2   -1.2      1.4
  SINCE MAR 1      7.1                       6.8    0.3     13.7
  SINCE JUL 1     50.7                      36.6   14.1     82.0

DEGREE DAYS
 HEATING
  TODAY           22                        13      9       13
  MONTH TO DATE  349                       420    -71      407
  SINCE MAR 1   1259                      1261     -2     1432
  SINCE JUL 1   6439                      5995    444     6847

 COOLING
  TODAY            0                         0      0        0
  MONTH TO DATE    0                         0      0        1
  SINCE MAR 1      0                         1     -1        1
  SINCE JAN 1      0                         1     -1        1
..................................................................


WIND (MPH)
  HIGHEST WIND SPEED    15   HIGHEST WIND DIRECTION    NE (60)
  HIGHEST GUST SPEED    17   HIGHEST GUST DIRECTION     E (70)
  AVERAGE WIND SPEED     3.8


SKY COVER
  POSSIBLE SUNSHINE  MM
  AVERAGE SKY COVER 0.5


WEATHER CONDITIONS
 THE FOLLOWING WEATHER WAS RECORDED TODAY.
  NO SIGNIFICANT WEATHER WAS OBSERVED.


RELATIVE HUMIDITY (PERCENT)
 HIGHEST    78           400 AM
 LOWEST     19          1000 AM
 AVERAGE    49

..........................................................


THE CHICAGO-OHARE IL CLIMATE NORMALS FOR TOMORROW
                         NORMAL    RECORD    YEAR
 MAXIMUM TEMPERATURE (F)   63        87      1990
 MINIMUM TEMPERATURE (F)   42        27      1887


SUNRISE AND SUNSET
APRIL 24 2015.........SUNRISE   558 AM CDT   SUNSET   742 PM CDT
APRIL 25 2015.........SUNRISE   556 AM CDT   SUNSET   744 PM CDT


-  INDICATES NEGATIVE NUMBERS.
R  INDICATES RECORD WAS SET OR TIED.
MM INDICATES DATA IS MISSING.
T  INDICATES TRACE AMOUNT.




$$
