000
CDUS43 KLOT 022135
CLIORD


CLIMATE REPORT
NATIONAL WEATHER SERVICE CHICAGO IL
433 PM CDT SAT MAY 2 2015


...................................

...THE CHICAGO-OHARE IL CLIMATE SUMMARY FOR MAY 2 2015...
VALID TODAY AS OF 0400 PM LOCAL TIME.

CLIMATE NORMAL PERIOD 1981 TO 2010
CLIMATE RECORD PERIOD 1871 TO 2015


WEATHER ITEM   OBSERVED TIME   RECORD YEAR NORMAL DEPARTURE LAST
                VALUE   (LST)  VALUE       VALUE  FROM      YEAR
                                                  NORMAL
..................................................................
TEMPERATURE (F)
 TODAY
  MAXIMUM         76    259 PM  91    1959  66     10       53
  MINIMUM         50    546 AM  27    1875  44      6       46
  AVERAGE         63                        55      8       50

PRECIPITATION (IN)
  TODAY            0.00          1.28 2008   0.12  -0.12      T
  MONTH TO DATE    0.00                      0.23  -0.23     0.09
  SINCE MAR 1      3.97                      6.11  -2.14     4.64
  SINCE JAN 1      6.83                      9.63  -2.80     9.94

SNOWFALL (IN)
  TODAY            0.0           0.6  1940   0.0    0.0      0.0
  MONTH TO DATE    0.0                       0.0    0.0      0.0
  SINCE MAR 1      7.1                       6.8    0.3     13.7
  SINCE JUL 1     50.7                      36.6   14.1     82.0

DEGREE DAYS
 HEATING
  TODAY            2                        11     -9       15
  MONTH TO DATE   14                        22     -8       34
  SINCE MAR 1   1384                      1355     29     1547
  SINCE JUL 1   6564                      6089    475     6962

 COOLING
  TODAY            0                         0      0        0
  MONTH TO DATE    0                         0      0        0
  SINCE MAR 1      0                        10    -10        1
  SINCE JAN 1      0                        10    -10        1
..................................................................


WIND (MPH)
  HIGHEST WIND SPEED    15   HIGHEST WIND DIRECTION     S (200)
  HIGHEST GUST SPEED    22   HIGHEST GUST DIRECTION    SW (210)
  AVERAGE WIND SPEED     5.5


SKY COVER
  POSSIBLE SUNSHINE  MM
  AVERAGE SKY COVER 0.5


WEATHER CONDITIONS
 THE FOLLOWING WEATHER WAS RECORDED TODAY.
  HAZE


RELATIVE HUMIDITY (PERCENT)
 HIGHEST    68           100 AM
 LOWEST     23           200 PM
 AVERAGE    46

..........................................................


THE CHICAGO-OHARE IL CLIMATE NORMALS FOR TOMORROW
                         NORMAL    RECORD    YEAR
 MAXIMUM TEMPERATURE (F)   66        92      1955
 MINIMUM TEMPERATURE (F)   45        30      2004


SUNRISE AND SUNSET
MAY  2 2015...........SUNRISE   547 AM CDT   SUNSET   751 PM CDT
MAY  3 2015...........SUNRISE   545 AM CDT   SUNSET   752 PM CDT


-  INDICATES NEGATIVE NUMBERS.
R  INDICATES RECORD WAS SET OR TIED.
MM INDICATES DATA IS MISSING.
T  INDICATES TRACE AMOUNT.




$$
