000
CDUS43 KLOT 142138
CLIORD


CLIMATE REPORT
NATIONAL WEATHER SERVICE CHICAGO IL
436 PM CDT TUE APR 14 2015


...................................

...THE CHICAGO-OHARE IL CLIMATE SUMMARY FOR APRIL 14 2015...
VALID TODAY AS OF 0400 PM LOCAL TIME.

CLIMATE NORMAL PERIOD 1981 TO 2010
CLIMATE RECORD PERIOD 1871 TO 2015


WEATHER ITEM   OBSERVED TIME   RECORD YEAR NORMAL DEPARTURE LAST
                VALUE   (LST)  VALUE       VALUE  FROM      YEAR
                                                  NORMAL
..................................................................
TEMPERATURE (F)
 TODAY
  MAXIMUM         66    255 PM  85    2003  58      8       63
  MINIMUM         39    456 AM  23    1943  38      1       30
                                      1907
  AVERAGE         53                        48      5       47

PRECIPITATION (IN)
  TODAY            0.00          1.21 1949   0.11  -0.11     0.30
  MONTH TO DATE    2.08                      1.52   0.56     1.28
  SINCE MAR 1      3.18                      4.02  -0.84     2.99
  SINCE JAN 1      6.04                      7.54  -1.50     8.29

SNOWFALL (IN)
  TODAY            0.0           2.2  1980   0.0    0.0      1.4
  MONTH TO DATE    0.0                       0.9   -0.9      1.4
  SINCE MAR 1      7.1                       6.5    0.6     13.7
  SINCE JUL 1     50.7                      36.3   14.4     82.0

DEGREE DAYS
 HEATING
  TODAY           12                        17     -5       18
  MONTH TO DATE  205                       269    -64      244
  SINCE MAR 1   1115                      1110      5     1269
  SINCE JUL 1   6295                      5844    451     6684

 COOLING
  TODAY            0                         0      0        0
  MONTH TO DATE    0                         0      0        0
  SINCE MAR 1      0                         1     -1        0
  SINCE JAN 1      0                         1     -1        0
..................................................................


WIND (MPH)
  HIGHEST WIND SPEED    12   HIGHEST WIND DIRECTION    NE (50)
  HIGHEST GUST SPEED    14   HIGHEST GUST DIRECTION     E (70)
  AVERAGE WIND SPEED     4.0


SKY COVER
  POSSIBLE SUNSHINE  MM
  AVERAGE SKY COVER 0.5


WEATHER CONDITIONS
 THE FOLLOWING WEATHER WAS RECORDED TODAY.
  NO SIGNIFICANT WEATHER WAS OBSERVED.


RELATIVE HUMIDITY (PERCENT)
 HIGHEST    60           500 AM
 LOWEST     13           300 PM
 AVERAGE    37

..........................................................


THE CHICAGO-OHARE IL CLIMATE NORMALS FOR TOMORROW
                         NORMAL    RECORD    YEAR
 MAXIMUM TEMPERATURE (F)   59        88      2002
 MINIMUM TEMPERATURE (F)   39        25      1943


SUNRISE AND SUNSET
APRIL 14 2015.........SUNRISE   613 AM CDT   SUNSET   731 PM CDT
APRIL 15 2015.........SUNRISE   612 AM CDT   SUNSET   732 PM CDT


-  INDICATES NEGATIVE NUMBERS.
R  INDICATES RECORD WAS SET OR TIED.
MM INDICATES DATA IS MISSING.
T  INDICATES TRACE AMOUNT.




$$
