000
CDUS43 KLOT 052139
CLIORD


CLIMATE REPORT
NATIONAL WEATHER SERVICE CHICAGO IL
437 PM CDT TUE MAY 5 2015


...................................

...THE CHICAGO-OHARE IL CLIMATE SUMMARY FOR MAY 5 2015...
VALID TODAY AS OF 0400 PM LOCAL TIME.

CLIMATE NORMAL PERIOD 1981 TO 2010
CLIMATE RECORD PERIOD 1871 TO 2015


WEATHER ITEM   OBSERVED TIME   RECORD YEAR NORMAL DEPARTURE LAST
                VALUE   (LST)  VALUE       VALUE  FROM      YEAR
                                                  NORMAL
..................................................................
TEMPERATURE (F)
 TODAY
  MAXIMUM         56   1222 AM  94    1949  67    -11       55
  MINIMUM         49   1232 PM  32    1992  45      4       43
  AVERAGE         53                        56     -3       49

PRECIPITATION (IN)
  TODAY            0.95          1.66 1892   0.12   0.83     0.05
  MONTH TO DATE    1.37                      0.58   0.79     0.14
  SINCE MAR 1      5.34                      6.46  -1.12     4.69
  SINCE JAN 1      8.20                      9.98  -1.78     9.99

SNOWFALL (IN)
  TODAY            0.0           0.0    MM   0.0    0.0      0.0
  MONTH TO DATE    0.0                       0.0    0.0      0.0
  SINCE MAR 1      7.1                       6.8    0.3     13.7
  SINCE JUL 1     50.7                      36.6   14.1     82.0

DEGREE DAYS
 HEATING
  TODAY           12                        10      2       16
  MONTH TO DATE   26                        52    -26       72
  SINCE MAR 1   1396                      1385     11     1585
  SINCE JUL 1   6576                      6119    457     7000

 COOLING
  TODAY            0                         1     -1        0
  MONTH TO DATE    2                         3     -1        0
  SINCE MAR 1      2                        13    -11        1
  SINCE JAN 1      2                        13    -11        1
..................................................................


WIND (MPH)
  HIGHEST WIND SPEED    15   HIGHEST WIND DIRECTION     E (80)
  HIGHEST GUST SPEED    19   HIGHEST GUST DIRECTION    NE (60)
  AVERAGE WIND SPEED     9.1


SKY COVER
  POSSIBLE SUNSHINE  MM
  AVERAGE SKY COVER 1.0


WEATHER CONDITIONS
 THE FOLLOWING WEATHER WAS RECORDED TODAY.
  THUNDERSTORM
  HEAVY RAIN
  RAIN
  LIGHT RAIN
  FOG
  FOG W/VISIBILITY <= 1/4 MILE


RELATIVE HUMIDITY (PERCENT)
 HIGHEST   100          1000 AM
 LOWEST     51          1200 AM
 AVERAGE    76

..........................................................


THE CHICAGO-OHARE IL CLIMATE NORMALS FOR TOMORROW
                         NORMAL    RECORD    YEAR
 MAXIMUM TEMPERATURE (F)   67        91      1949
 MINIMUM TEMPERATURE (F)   45        30      1992


SUNRISE AND SUNSET
MAY  5 2015...........SUNRISE   543 AM CDT   SUNSET   754 PM CDT
MAY  6 2015...........SUNRISE   542 AM CDT   SUNSET   756 PM CDT


-  INDICATES NEGATIVE NUMBERS.
R  INDICATES RECORD WAS SET OR TIED.
MM INDICATES DATA IS MISSING.
T  INDICATES TRACE AMOUNT.




$$
