000
CDUS43 KLOT 032143
CLIORD

CLIMATE REPORT
NATIONAL WEATHER SERVICE CHICAGO IL
435 PM CDT SUN MAY 3 2015

...................................
...THE CHICAGO-OHARE IL CLIMATE SUMMARY FOR MAY 3 2015...
VALID TODAY AS OF 0400 PM LOCAL TIME.

CLIMATE NORMAL PERIOD 1981 TO 2010
CLIMATE RECORD PERIOD 1871 TO 2015


WEATHER ITEM   OBSERVED TIME   RECORD YEAR NORMAL DEPARTURE LAST
                VALUE   (LST)  VALUE       VALUE  FROM      YEAR
                                                  NORMAL
..................................................................
TEMPERATURE (F)
 TODAY
  MAXIMUM         78   1157 AM  92    1955  66     12       67
  MINIMUM         55    539 AM  30    2004  45     10       46
  AVERAGE         67                        55     12       57

PRECIPITATION (IN)
  TODAY            T             1.59 1919   0.12  -0.12     0.00
  MONTH TO DATE    T                         0.35  -0.35     0.09
  SINCE MAR 1      3.97                      6.23  -2.26     4.64
  SINCE JAN 1      6.83                      9.75  -2.92     9.94

SNOWFALL (IN)
  TODAY            0.0           1.3  1907   0.0    0.0      0.0
  MONTH TO DATE    0.0                       0.0    0.0      0.0
  SINCE MAR 1      7.1                       6.8    0.3     13.7
  SINCE JUL 1     50.7                      36.6   14.1     82.0

DEGREE DAYS
 HEATING
  TODAY            0                        10    -10        8
  MONTH TO DATE   14                        32    -18       42
  SINCE MAR 1   1384                      1365     19     1555
  SINCE JUL 1   6564                      6099    465     6970

 COOLING
  TODAY            2                         1      1        0
  MONTH TO DATE    2                         1      1        0
  SINCE MAR 1      2                        11     -9        1
  SINCE JAN 1      2                        11     -9        1
..................................................................
WIND (MPH)
  HIGHEST WIND SPEED    21   HIGHEST WIND DIRECTION     S (200)
  HIGHEST GUST SPEED    28   HIGHEST GUST DIRECTION     S (200)
  AVERAGE WIND SPEED     9.0


SKY COVER
  POSSIBLE SUNSHINE  MM
  AVERAGE SKY COVER 0.8

WEATHER CONDITIONS
 THE FOLLOWING WEATHER WAS RECORDED TODAY.
  LIGHT RAIN


RELATIVE HUMIDITY (PERCENT)
 HIGHEST    62           600 AM
 LOWEST     33          1200 PM
 AVERAGE    48

..........................................................

THE CHICAGO-OHARE IL CLIMATE NORMALS FOR TOMORROW
                         NORMAL    RECORD    YEAR
 MAXIMUM TEMPERATURE (F)   66        92      1952
 MINIMUM TEMPERATURE (F)   45        32      1954


SUNRISE AND SUNSET
MAY  3 2015...........SUNRISE   545 AM CDT   SUNSET   752 PM CDT
MAY  4 2015...........SUNRISE   544 AM CDT   SUNSET   753 PM CDT

-  INDICATES NEGATIVE NUMBERS.
R  INDICATES RECORD WAS SET OR TIED.
MM INDICATES DATA IS MISSING.
T  INDICATES TRACE AMOUNT.

$$
