000
CDUS43 KLOT 130632
CLIRFD


CLIMATE REPORT
NATIONAL WEATHER SERVICE CHICAGO IL
132 AM CDT MON APR 13 2015


...................................

...THE ROCKFORD IL CLIMATE SUMMARY FOR APRIL 12 2015...

CLIMATE NORMAL PERIOD 1981 TO 2010
CLIMATE RECORD PERIOD 1905 TO 2015


WEATHER ITEM   OBSERVED TIME   RECORD YEAR NORMAL DEPARTURE LAST
                VALUE   (LST)  VALUE       VALUE  FROM      YEAR
                                                  NORMAL
..................................................................
TEMPERATURE (F)
 YESTERDAY
  MAXIMUM         68    100 PM  84    1941  59      9       79
                                      1925
  MINIMUM         40    424 AM  19    1939  37      3       44
  AVERAGE         54                        48      6       62

PRECIPITATION (IN)
  YESTERDAY        T             0.80 1935   0.11  -0.11     0.25
  MONTH TO DATE    2.51                      1.31   1.20     0.28
  SINCE MAR 1      3.81                      3.63   0.18     1.31
  SINCE JAN 1      5.73                      6.41  -0.68     5.05

SNOWFALL (IN)
  YESTERDAY        0.0           1.0  2007   0.0    0.0       T
  MONTH TO DATE    T                         0.6   -0.6       T
  SINCE MAR 1      7.6                       5.4    2.2      9.1
  SINCE JUL 1     35.5                      36.4   -0.9     56.6
  SNOW DEPTH       0

DEGREE DAYS
 HEATING
  YESTERDAY       11                        17     -6        3
  MONTH TO DATE  175                       230    -55      214
  SINCE MAR 1   1111                      1092     19     1306
  SINCE JUL 1   6557                      6094    463     7198

 COOLING
  YESTERDAY        0                         0      0        0
  MONTH TO DATE    0                         0      0        0
  SINCE MAR 1      0                         0      0        0
  SINCE JAN 1      0                         0      0        0
..................................................................


WIND (MPH)
  HIGHEST WIND SPEED    24   HIGHEST WIND DIRECTION     S (190)
  HIGHEST GUST SPEED    30   HIGHEST GUST DIRECTION     S (180)
  AVERAGE WIND SPEED    12.5


SKY COVER
  POSSIBLE SUNSHINE  MM
  AVERAGE SKY COVER 0.7


WEATHER CONDITIONS
 THE FOLLOWING WEATHER WAS RECORDED YESTERDAY.
  LIGHT RAIN


RELATIVE HUMIDITY (PERCENT)
 HIGHEST    70           600 AM
 LOWEST     32          1100 AM
 AVERAGE    51

..........................................................


THE ROCKFORD IL CLIMATE NORMALS FOR TODAY
                         NORMAL    RECORD    YEAR
 MAXIMUM TEMPERATURE (F)   60        83      2006
 MINIMUM TEMPERATURE (F)   37        18      1950


SUNRISE AND SUNSET
APRIL 13 2015.........SUNRISE   619 AM CDT   SUNSET   735 PM CDT
APRIL 14 2015.........SUNRISE   618 AM CDT   SUNSET   736 PM CDT


-  INDICATES NEGATIVE NUMBERS.
R  INDICATES RECORD WAS SET OR TIED.
MM INDICATES DATA IS MISSING.
T  INDICATES TRACE AMOUNT.




$$
