000
CDUS43 KLOT 252142
CLIRFD


CLIMATE REPORT
NATIONAL WEATHER SERVICE CHICAGO IL
440 PM CDT SAT APR 25 2015


...................................

...THE ROCKFORD IL CLIMATE SUMMARY FOR APRIL 25 2015...
VALID TODAY AS OF 0400 PM LOCAL TIME.

CLIMATE NORMAL PERIOD 1981 TO 2010
CLIMATE RECORD PERIOD 1905 TO 2015


WEATHER ITEM   OBSERVED TIME   RECORD YEAR NORMAL DEPARTURE LAST
                VALUE   (LST)  VALUE       VALUE  FROM      YEAR
                                                  NORMAL
..................................................................
TEMPERATURE (F)
 TODAY
  MAXIMUM         51    146 PM  90    1986  65    -14       70
  MINIMUM         42    221 AM  25    1934  42      0       45
  AVERAGE         47                        53     -6       58

PRECIPITATION (IN)
  TODAY            0.03          2.17 1979   0.11  -0.08      T
  MONTH TO DATE    3.12                      2.77   0.35     2.06
  SINCE MAR 1      4.42                      5.09  -0.67     3.09
  SINCE JAN 1      6.34                      7.87  -1.53     6.83

SNOWFALL (IN)
  TODAY            0.0           T    2008   0.0    0.0      0.0
                                      2006
                                      1994
  MONTH TO DATE    T                         0.9   -0.9      0.3
  SINCE MAR 1      7.6                       5.7    1.9      9.4
  SINCE JUL 1     35.5                      36.7   -1.2     56.9

DEGREE DAYS
 HEATING
  TODAY           18                        12      6        7
  MONTH TO DATE  340                       419    -79      412
  SINCE MAR 1   1276                      1281     -5     1504
  SINCE JUL 1   6722                      6283    439     7396

 COOLING
  TODAY            0                         0      0        0
  MONTH TO DATE    0                         0      0        0
  SINCE MAR 1      0                         0      0        0
  SINCE JAN 1      0                         0      0        0
..................................................................


WIND (MPH)
  HIGHEST WIND SPEED    25   HIGHEST WIND DIRECTION    NE (60)
  HIGHEST GUST SPEED    33   HIGHEST GUST DIRECTION    NE (50)
  AVERAGE WIND SPEED    15.7


SKY COVER
  POSSIBLE SUNSHINE  MM
  AVERAGE SKY COVER 1.0


WEATHER CONDITIONS
 THE FOLLOWING WEATHER WAS RECORDED TODAY.
  LIGHT RAIN


RELATIVE HUMIDITY (PERCENT)
 HIGHEST    76          1200 AM
 LOWEST     66           200 PM
 AVERAGE    71

..........................................................


THE ROCKFORD IL CLIMATE NORMALS FOR TOMORROW
                         NORMAL    RECORD    YEAR
 MAXIMUM TEMPERATURE (F)   65        90      1986
 MINIMUM TEMPERATURE (F)   42        25      1926


SUNRISE AND SUNSET
APRIL 25 2015.........SUNRISE   601 AM CDT   SUNSET   749 PM CDT
APRIL 26 2015.........SUNRISE   559 AM CDT   SUNSET   750 PM CDT


-  INDICATES NEGATIVE NUMBERS.
R  INDICATES RECORD WAS SET OR TIED.
MM INDICATES DATA IS MISSING.
T  INDICATES TRACE AMOUNT.




$$
