000
CDUS43 KLOT 070640
CLIRFD


CLIMATE REPORT
NATIONAL WEATHER SERVICE CHICAGO IL
140 AM CDT TUE APR 7 2015


...................................

...THE ROCKFORD IL CLIMATE SUMMARY FOR APRIL 6 2015...

CLIMATE NORMAL PERIOD 1981 TO 2010
CLIMATE RECORD PERIOD 1905 TO 2015


WEATHER ITEM   OBSERVED TIME   RECORD YEAR NORMAL DEPARTURE LAST
                VALUE   (LST)  VALUE       VALUE  FROM      YEAR
                                                  NORMAL
..................................................................
TEMPERATURE (F)
 YESTERDAY
  MAXIMUM         65    146 PM  86    1929  57      8       58
  MINIMUM         33    440 AM  11    1982  35     -2       29
  AVERAGE         49                        46      3       44

PRECIPITATION (IN)
  YESTERDAY        T             0.98 1988   0.11  -0.11     0.00
  MONTH TO DATE    0.26                      0.63  -0.37     0.02
  SINCE MAR 1      1.56                      2.95  -1.39     1.05
  SINCE JAN 1      3.48                      5.73  -2.25     4.79

SNOWFALL (IN)
  YESTERDAY        0.0           6.0  1938   0.1   -0.1      0.0
  MONTH TO DATE    0.0                       0.4   -0.4      0.0
  SINCE MAR 1      7.6                       5.2    2.4      9.1
  SINCE JUL 1     35.5                      36.2   -0.7     56.6
  SNOW DEPTH       0

DEGREE DAYS
 HEATING
  YESTERDAY       16                        19     -3       21
  MONTH TO DATE   87                       122    -35      143
  SINCE MAR 1   1023                       984     39     1235
  SINCE JUL 1   6469                      5986    483     7127

 COOLING
  YESTERDAY        0                         0      0        0
  MONTH TO DATE    0                         0      0        0
  SINCE MAR 1      0                         0      0        0
  SINCE JAN 1      0                         0      0        0
..................................................................


WIND (MPH)
  HIGHEST WIND SPEED    21   HIGHEST WIND DIRECTION    NE (50)
  HIGHEST GUST SPEED    28   HIGHEST GUST DIRECTION     E (100)
  AVERAGE WIND SPEED     7.2


SKY COVER
  POSSIBLE SUNSHINE  MM
  AVERAGE SKY COVER 0.7


WEATHER CONDITIONS
 THE FOLLOWING WEATHER WAS RECORDED YESTERDAY.
  NO SIGNIFICANT WEATHER WAS OBSERVED.


RELATIVE HUMIDITY (PERCENT)
 HIGHEST    82           600 AM
 LOWEST     40           200 PM
 AVERAGE    61

..........................................................


THE ROCKFORD IL CLIMATE NORMALS FOR TODAY
                         NORMAL    RECORD    YEAR
 MAXIMUM TEMPERATURE (F)   57        81      1921
 MINIMUM TEMPERATURE (F)   35         5      1982


SUNRISE AND SUNSET
APRIL  7 2015.........SUNRISE   629 AM CDT   SUNSET   729 PM CDT
APRIL  8 2015.........SUNRISE   628 AM CDT   SUNSET   730 PM CDT


-  INDICATES NEGATIVE NUMBERS.
R  INDICATES RECORD WAS SET OR TIED.
MM INDICATES DATA IS MISSING.
T  INDICATES TRACE AMOUNT.




$$
