000
CDUS43 KLOT 302136
CLIRFD


CLIMATE REPORT
NATIONAL WEATHER SERVICE CHICAGO IL
435 PM CDT MON MAR 30 2015


...................................

...THE ROCKFORD IL CLIMATE SUMMARY FOR MARCH 30 2015...
VALID TODAY AS OF 0400 PM LOCAL TIME.

CLIMATE NORMAL PERIOD 1981 TO 2010
CLIMATE RECORD PERIOD 1905 TO 2015


WEATHER ITEM   OBSERVED TIME   RECORD YEAR NORMAL DEPARTURE LAST
                VALUE   (LST)  VALUE       VALUE  FROM      YEAR
                                                  NORMAL
..................................................................
TEMPERATURE (F)
 TODAY
  MAXIMUM         65    226 PM  82    1910  54     11       57
  MINIMUM         34    634 AM   6    1954  32      2       24
  AVERAGE         50                        43      7       41

PRECIPITATION (IN)
  TODAY            0.00          0.99 1960   0.09  -0.09     0.00
  MONTH TO DATE    1.30                      2.22  -0.92     1.03
  SINCE MAR 1      1.30                      2.22  -0.92     1.03
  SINCE JAN 1      3.22                      5.00  -1.78     4.77

SNOWFALL (IN)
  TODAY            0.0           3.5  1928   0.1   -0.1      0.0
  MONTH TO DATE    7.6                       4.7    2.9      9.1
  SINCE MAR 1      7.6                       4.7    2.9      9.1
  SINCE JUL 1     35.5                      35.7   -0.2     56.6

DEGREE DAYS
 HEATING
  TODAY           15                        22     -7       24
  MONTH TO DATE  920                       842     78     1080
  SINCE MAR 1    920                       842     78     1080
  SINCE JUL 1   6366                      5844    522     6972

 COOLING
  TODAY            0                         0      0        0
  MONTH TO DATE    0                         0      0        0
  SINCE MAR 1      0                         0      0        0
  SINCE JAN 1      0                         0      0        0
..................................................................


WIND (MPH)
  HIGHEST WIND SPEED    22   HIGHEST WIND DIRECTION     W (260)
  HIGHEST GUST SPEED    27   HIGHEST GUST DIRECTION     W (270)
  AVERAGE WIND SPEED     9.8


SKY COVER
  POSSIBLE SUNSHINE  MM
  AVERAGE SKY COVER 0.4


WEATHER CONDITIONS
 THE FOLLOWING WEATHER WAS RECORDED TODAY.
  NO SIGNIFICANT WEATHER WAS OBSERVED.


RELATIVE HUMIDITY (PERCENT)
 HIGHEST    70           400 AM
 LOWEST     26           200 PM
 AVERAGE    48

..........................................................


THE ROCKFORD IL CLIMATE NORMALS FOR TOMORROW
                         NORMAL    RECORD    YEAR
 MAXIMUM TEMPERATURE (F)   54        84      1986
 MINIMUM TEMPERATURE (F)   33         7      1923


SUNRISE AND SUNSET
MARCH 30 2015.........SUNRISE   643 AM CDT   SUNSET   720 PM CDT
MARCH 31 2015.........SUNRISE   641 AM CDT   SUNSET   721 PM CDT


-  INDICATES NEGATIVE NUMBERS.
R  INDICATES RECORD WAS SET OR TIED.
MM INDICATES DATA IS MISSING.
T  INDICATES TRACE AMOUNT.




$$
