000
CDUS43 KLOT 300633
CLIRFD


CLIMATE REPORT
NATIONAL WEATHER SERVICE CHICAGO IL
133 AM CDT THU APR 30 2015


...................................

...THE ROCKFORD IL CLIMATE SUMMARY FOR APRIL 29 2015...

CLIMATE NORMAL PERIOD 1981 TO 2010
CLIMATE RECORD PERIOD 1905 TO 2015


WEATHER ITEM   OBSERVED TIME   RECORD YEAR NORMAL DEPARTURE LAST
                VALUE   (LST)  VALUE       VALUE  FROM      YEAR
                                                  NORMAL
..................................................................
TEMPERATURE (F)
 YESTERDAY
  MAXIMUM         70    339 PM  90    1915  66      4       57
  MINIMUM         37    451 AM  27    1958  43     -6       46
  AVERAGE         54                        54      0       52

PRECIPITATION (IN)
  YESTERDAY        T             2.62 1963   0.12  -0.12     0.02
  MONTH TO DATE    3.12                      3.23  -0.11     2.86
  SINCE MAR 1      4.42                      5.55  -1.13     3.89
  SINCE JAN 1      6.34                      8.33  -1.99     7.63

SNOWFALL (IN)
  YESTERDAY        0.0           T    2008   0.0    0.0      0.0
                                      1996
  MONTH TO DATE    T                         0.9   -0.9      0.3
  SINCE MAR 1      7.6                       5.7    1.9      9.4
  SINCE JUL 1     35.5                      36.7   -1.2     56.9
  SNOW DEPTH       0

DEGREE DAYS
 HEATING
  YESTERDAY       11                        11      0       13
  MONTH TO DATE  399                       465    -66      468
  SINCE MAR 1   1335                      1327      8     1560
  SINCE JUL 1   6781                      6329    452     7452

 COOLING
  YESTERDAY        0                         0      0        0
  MONTH TO DATE    0                         0      0        0
  SINCE MAR 1      0                         0      0        0
  SINCE JAN 1      0                         0      0        0
..................................................................


WIND (MPH)
  HIGHEST WIND SPEED    22   HIGHEST WIND DIRECTION    NE (30)
  HIGHEST GUST SPEED    26   HIGHEST GUST DIRECTION    NE (30)
  AVERAGE WIND SPEED     4.5


SKY COVER
  POSSIBLE SUNSHINE  MM
  AVERAGE SKY COVER 0.4


WEATHER CONDITIONS
 THE FOLLOWING WEATHER WAS RECORDED YESTERDAY.
  LIGHT RAIN


RELATIVE HUMIDITY (PERCENT)
 HIGHEST    85           300 AM
 LOWEST     31           300 PM
 AVERAGE    58

..........................................................


THE ROCKFORD IL CLIMATE NORMALS FOR TODAY
                         NORMAL    RECORD    YEAR
 MAXIMUM TEMPERATURE (F)   67        91      1942
 MINIMUM TEMPERATURE (F)   43        28      1931


SUNRISE AND SUNSET
APRIL 30 2015.........SUNRISE   554 AM CDT   SUNSET   754 PM CDT
MAY  1 2015...........SUNRISE   552 AM CDT   SUNSET   755 PM CDT


-  INDICATES NEGATIVE NUMBERS.
R  INDICATES RECORD WAS SET OR TIED.
MM INDICATES DATA IS MISSING.
T  INDICATES TRACE AMOUNT.




$$
