000
CDUS43 KLOT 100649
CLIRFD


CLIMATE REPORT
NATIONAL WEATHER SERVICE CHICAGO IL
148 AM CDT FRI APR 10 2015


...................................

...THE ROCKFORD IL CLIMATE SUMMARY FOR APRIL 9 2015...

CLIMATE NORMAL PERIOD 1981 TO 2010
CLIMATE RECORD PERIOD 1905 TO 2015


WEATHER ITEM   OBSERVED TIME   RECORD YEAR NORMAL DEPARTURE LAST
                VALUE   (LST)  VALUE       VALUE  FROM      YEAR
                                                  NORMAL
..................................................................
TEMPERATURE (F)
 YESTERDAY
  MAXIMUM         71    539 PM  77    1934  58     13       63
  MINIMUM         44    350 AM  17    1997  36      8       32
  AVERAGE         58                        47     11       48

PRECIPITATION (IN)
  YESTERDAY        2.24R         1.10 1943   0.11   2.13     0.00
  MONTH TO DATE    2.51                      0.97   1.54     0.03
  SINCE MAR 1      3.81                      3.29   0.52     1.06
  SINCE JAN 1      5.73                      6.07  -0.34     4.80

SNOWFALL (IN)
  YESTERDAY        T             3.9  1973   0.0    0.0      0.0
                                      2001
  MONTH TO DATE    T                         0.5   -0.5      0.0
  SINCE MAR 1      7.6                       5.3    2.3      9.1
  SINCE JUL 1     35.5                      36.3   -0.8     56.6
  SNOW DEPTH       0

DEGREE DAYS
 HEATING
  YESTERDAY        7                        18    -11       17
  MONTH TO DATE  130                       178    -48      190
  SINCE MAR 1   1066                      1040     26     1282
  SINCE JUL 1   6512                      6042    470     7174

 COOLING
  YESTERDAY        0                         0      0        0
  MONTH TO DATE    0                         0      0        0
  SINCE MAR 1      0                         0      0        0
  SINCE JAN 1      0                         0      0        0
..................................................................


WIND (MPH)
  HIGHEST WIND SPEED    33   HIGHEST WIND DIRECTION     W (250)
  HIGHEST GUST SPEED    48   HIGHEST GUST DIRECTION    SW (240)
  AVERAGE WIND SPEED    11.0


SKY COVER
  POSSIBLE SUNSHINE  MM
  AVERAGE SKY COVER 1.0


WEATHER CONDITIONS
 THE FOLLOWING WEATHER WAS RECORDED YESTERDAY.
  THUNDERSTORM
  HEAVY RAIN
  RAIN
  LIGHT RAIN
  HAIL
  FOG
  TORNADO


RELATIVE HUMIDITY (PERCENT)
 HIGHEST    93           700 AM
 LOWEST     71          1000 PM
 AVERAGE    82

..........................................................


THE ROCKFORD IL CLIMATE NORMALS FOR TODAY
                         NORMAL    RECORD    YEAR
 MAXIMUM TEMPERATURE (F)   59        93      1930
 MINIMUM TEMPERATURE (F)   36        18      1989


SUNRISE AND SUNSET
APRIL 10 2015.........SUNRISE   624 AM CDT   SUNSET   732 PM CDT
APRIL 11 2015.........SUNRISE   623 AM CDT   SUNSET   733 PM CDT


-  INDICATES NEGATIVE NUMBERS.
R  INDICATES RECORD WAS SET OR TIED.
MM INDICATES DATA IS MISSING.
T  INDICATES TRACE AMOUNT.




$$
