000
CDUS43 KLOT 250632
CLIRFD


CLIMATE REPORT
NATIONAL WEATHER SERVICE CHICAGO IL
132 AM CDT SAT APR 25 2015


...................................

...THE ROCKFORD IL CLIMATE SUMMARY FOR APRIL 24 2015...

CLIMATE NORMAL PERIOD 1981 TO 2010
CLIMATE RECORD PERIOD 1905 TO 2015


WEATHER ITEM   OBSERVED TIME   RECORD YEAR NORMAL DEPARTURE LAST
                VALUE   (LST)  VALUE       VALUE  FROM      YEAR
                                                  NORMAL
..................................................................
TEMPERATURE (F)
 YESTERDAY
  MAXIMUM         57    958 AM  88    1915  64     -7       63
  MINIMUM         28    434 AM  16    1967  41    -13       39
  AVERAGE         43                        53    -10       51

PRECIPITATION (IN)
  YESTERDAY        0.20          1.40 1950   0.11   0.09     0.23
  MONTH TO DATE    3.09                      2.66   0.43     2.06
  SINCE MAR 1      4.39                      4.98  -0.59     3.09
  SINCE JAN 1      6.31                      7.76  -1.45     6.83

SNOWFALL (IN)
  YESTERDAY        0.0           1.5  1910   0.0    0.0      0.0
  MONTH TO DATE    T                         0.9   -0.9      0.3
  SINCE MAR 1      7.6                       5.7    1.9      9.4
  SINCE JUL 1     35.5                      36.7   -1.2     56.9
  SNOW DEPTH       0

DEGREE DAYS
 HEATING
  YESTERDAY       22                        13      9       14
  MONTH TO DATE  322                       407    -85      405
  SINCE MAR 1   1258                      1269    -11     1497
  SINCE JUL 1   6704                      6271    433     7389

 COOLING
  YESTERDAY        0                         0      0        0
  MONTH TO DATE    0                         0      0        0
  SINCE MAR 1      0                         0      0        0
  SINCE JAN 1      0                         0      0        0
..................................................................


WIND (MPH)
  HIGHEST WIND SPEED    20   HIGHEST WIND DIRECTION     E (70)
  HIGHEST GUST SPEED    28   HIGHEST GUST DIRECTION     E (70)
  AVERAGE WIND SPEED     8.8


SKY COVER
  POSSIBLE SUNSHINE  MM
  AVERAGE SKY COVER 0.7


WEATHER CONDITIONS
 THE FOLLOWING WEATHER WAS RECORDED YESTERDAY.
  LIGHT RAIN


RELATIVE HUMIDITY (PERCENT)
 HIGHEST    76           600 PM
 LOWEST     20          1100 AM
 AVERAGE    48

..........................................................


THE ROCKFORD IL CLIMATE NORMALS FOR TODAY
                         NORMAL    RECORD    YEAR
 MAXIMUM TEMPERATURE (F)   65        90      1986
 MINIMUM TEMPERATURE (F)   42        25      1934


SUNRISE AND SUNSET
APRIL 25 2015.........SUNRISE   601 AM CDT   SUNSET   749 PM CDT
APRIL 26 2015.........SUNRISE   559 AM CDT   SUNSET   750 PM CDT


-  INDICATES NEGATIVE NUMBERS.
R  INDICATES RECORD WAS SET OR TIED.
MM INDICATES DATA IS MISSING.
T  INDICATES TRACE AMOUNT.




$$
